{"id":1050,"date":"2023-07-05T11:35:32","date_gmt":"2023-07-05T09:35:32","guid":{"rendered":"http:\/\/arbeitsinitiative-letschin.de\/?page_id=1050"},"modified":"2024-02-20T09:06:59","modified_gmt":"2024-02-20T07:06:59","slug":"die-streuobstwiese-im-wandel-der-jahreszeiten","status":"publish","type":"page","link":"http:\/\/arbeitsinitiative-letschin.de\/?page_id=1050","title":{"rendered":"Die Streuobstwiese im Wandel der Jahreszeiten"},"content":{"rendered":"<div class=\"wp-block-image\">\n<figure class=\"aligncenter size-full\"><img loading=\"lazy\" decoding=\"async\" width=\"450\" height=\"191\" src=\"http:\/\/arbeitsinitiative-letschin.de\/wp-content\/uploads\/2020\/11\/Logo.jpg\" alt=\"\" class=\"wp-image-634\" srcset=\"http:\/\/arbeitsinitiative-letschin.de\/wp-content\/uploads\/2020\/11\/Logo.jpg 450w, http:\/\/arbeitsinitiative-letschin.de\/wp-content\/uploads\/2020\/11\/Logo-300x127.jpg 300w\" sizes=\"auto, (max-width: 450px) 100vw, 450px\" \/><\/figure><\/div>\n\n\n<p class=\"has-text-align-center\"><strong>Was bewegt uns dieses&nbsp;Projekt zu starten?<\/strong><\/p>\n\n\n\n<p>Viele  Kinder und Jugendliche, aber auch Erwachsene, kennen nicht die Zusammenh\u00e4nge zwischen Natur Umwelt und Mensch. Woher unsere Lebensmittel urspr\u00fcnglich kommen, ist vielen unbekannt. Die Aktionstage tragen dazu bei, die Bev\u00f6lkerung, vom Kind bis zum Senior, sie f\u00fcr die Thematik Natur, Umwelt und Ern\u00e4hrung zu sensibilisieren, Wissen zu vermitteln und Umweltbewusstsein zu f\u00f6rdern. Es gibt nichts Besseres, als unsere Umwelt spielerisch , erforschend  und\/ oder erlebnisreich zu erkunden. Doch viele Menschen fehlen h\u00e4ufig die M\u00f6glichkeiten, diese Erfahrungen zu sammeln. Gerade in junge Jahren gelingt es aber, die Neugier und den Forschungsgeist der Kinder anzuregen. Ein fr\u00fches Heranf\u00fchren an die \u00d6kologie ist daher besonders f\u00fcr ein sp\u00e4teres Naturbewusstsein unerl\u00e4sslich. Somit tragen die Aktionstage u.a. zum verantwortungsvollen Handeln im weiterem Jugend- und Erwachsenalter bei.<\/p>\n\n\n\n<p class=\"has-text-align-center\"><strong>Wie stellen wir uns die Umsetzung des Projektes vor?<\/strong><\/p>\n\n\n\n<p>Es sind 4 Aktionstage geplant, um Wissenswertes rund um die Streuobstwiese zu vermitteln. Jeweils ein Tag im Fr\u00fchling, Sommer, Herbst und Winter sollen verdeutlichen, wie sich Natur und Tierwelt ver\u00e4ndern. Es k\u00f6nnen alle Aktionstage wahrgenommen werden, aber auch die jahreszeitlichen einzelnen Aktionstage.<\/p>\n\n\n\n<p>Durch spielerische  und erlebnisorientierte Aktivt\u00e4ten sowie Beobachtungen kann eigenes Wissen getestet und\/ oder neues Wissen erlangt werden sowie Erfahrungen ausgetauscht werden. Das Angebot ist f\u00fcr alle Altersgruppen offen und tr\u00e4gt zur generations\u00fcbergreifenden Verst\u00e4ndigung bei.<\/p>\n\n\n\n<p class=\"has-text-align-center\"><a rel=\"noreferrer noopener\" href=\"http:\/\/arbeitsinitiative-letschin.de\/wp-content\/uploads\/2023\/07\/Impressionen-1.Aktionstag.pdf\" target=\"_blank\">Impressionen zum 1. Aktionstag<\/a><\/p>\n\n\n\n<p class=\"has-text-align-center\"><a href=\"http:\/\/arbeitsinitiative-letschin.de\/wp-content\/uploads\/2024\/02\/Impressionen-2.Aktionstag-1.pdf\" data-type=\"URL\" target=\"_blank\" rel=\"noreferrer noopener\">Impressionen zum 2. Aktionstag<\/a> <\/p>\n\n\n\n<p class=\"has-text-align-center\"><a href=\"http:\/\/arbeitsinitiative-letschin.de\/wp-content\/uploads\/2024\/02\/Impressionen-3.Aktionstag.pdf\" data-type=\"URL\" data-id=\"http:\/\/arbeitsinitiative-letschin.de\/wp-content\/uploads\/2024\/02\/Impressionen-3.Aktionstag.pdf\" target=\"_blank\" rel=\"noreferrer noopener\">Impressionen zum 3. Aktionstag<\/a><\/p>\n\n\n\n<p class=\"has-text-align-center\"><a href=\"http:\/\/arbeitsinitiative-letschin.de\/wp-content\/uploads\/2024\/02\/Impressionen-4-.Aktionstag.pdf\" data-type=\"URL\" data-id=\"http:\/\/arbeitsinitiative-letschin.de\/wp-content\/uploads\/2024\/02\/Impressionen-4-.Aktionstag.pdf\" target=\"_blank\" rel=\"noreferrer noopener\">Impressionen zum 4. Aktionstag<\/a><\/p>\n\n\n<div class=\"wp-block-image\">\n<figure class=\"aligncenter size-full is-resized\"><a href=\"http:\/\/arbeitsinitiative-letschin.de\/wp-content\/uploads\/2024\/02\/Artikel-in-Letschiner-Rundschau.jpg\"><img loading=\"lazy\" decoding=\"async\" src=\"http:\/\/arbeitsinitiative-letschin.de\/wp-content\/uploads\/2024\/02\/Artikel-in-Letschiner-Rundschau.jpg\" alt=\"\" class=\"wp-image-1092\" width=\"362\" height=\"314\" srcset=\"http:\/\/arbeitsinitiative-letschin.de\/wp-content\/uploads\/2024\/02\/Artikel-in-Letschiner-Rundschau.jpg 723w, http:\/\/arbeitsinitiative-letschin.de\/wp-content\/uploads\/2024\/02\/Artikel-in-Letschiner-Rundschau-300x260.jpg 300w, http:\/\/arbeitsinitiative-letschin.de\/wp-content\/uploads\/2024\/02\/Artikel-in-Letschiner-Rundschau-624x541.jpg 624w\" sizes=\"auto, (max-width: 362px) 100vw, 362px\" \/><\/a><\/figure><\/div>\n\n\n<p><em>Mehr Informationen zum&nbsp;F\u00f6rderprogramm&nbsp;Aktion Gesunde Umwelt&nbsp;und&nbsp;Aktion Nachhaltige Entwicklung \u2013 Lokale Agenda 21&nbsp;in Brandenburg finden sie hier:&nbsp;<a rel=\"noreferrer noopener\" href=\"http:\/\/aktion-brandenburg.de\/\" target=\"_blank\">http:\/\/aktion-brandenburg.de\/<\/a><\/em><\/p>\n\n\n\n<p><\/p>\n","protected":false},"excerpt":{"rendered":"<p>Was bewegt uns dieses&nbsp;Projekt zu starten? Viele Kinder und Jugendliche, aber auch Erwachsene, kennen nicht die Zusammenh\u00e4nge zwischen Natur Umwelt und Mensch. Woher unsere Lebensmittel urspr\u00fcnglich kommen, ist vielen unbekannt&#8230;. <a href=\"http:\/\/arbeitsinitiative-letschin.de\/?page_id=1050\">Read more &raquo;<\/a><\/p>\n","protected":false},"author":3,"featured_media":0,"parent":15,"menu_order":1,"comment_status":"closed","ping_status":"closed","template":"","meta":{"footnotes":""},"class_list":["post-1050","page","type-page","status-publish","hentry"],"_links":{"self":[{"href":"http:\/\/arbeitsinitiative-letschin.de\/index.php?rest_route=\/wp\/v2\/pages\/1050","targetHints":{"allow":["GET"]}}],"collection":[{"href":"http:\/\/arbeitsinitiative-letschin.de\/index.php?rest_route=\/wp\/v2\/pages"}],"about":[{"href":"http:\/\/arbeitsinitiative-letschin.de\/index.php?rest_route=\/wp\/v2\/types\/page"}],"author":[{"embeddable":true,"href":"http:\/\/arbeitsinitiative-letschin.de\/index.php?rest_route=\/wp\/v2\/users\/3"}],"replies":[{"embeddable":true,"href":"http:\/\/arbeitsinitiative-letschin.de\/index.php?rest_route=%2Fwp%2Fv2%2Fcomments&post=1050"}],"version-history":[{"count":6,"href":"http:\/\/arbeitsinitiative-letschin.de\/index.php?rest_route=\/wp\/v2\/pages\/1050\/revisions"}],"predecessor-version":[{"id":1095,"href":"http:\/\/arbeitsinitiative-letschin.de\/index.php?rest_route=\/wp\/v2\/pages\/1050\/revisions\/1095"}],"up":[{"embeddable":true,"href":"http:\/\/arbeitsinitiative-letschin.de\/index.php?rest_route=\/wp\/v2\/pages\/15"}],"wp:attachment":[{"href":"http:\/\/arbeitsinitiative-letschin.de\/index.php?rest_route=%2Fwp%2Fv2%2Fmedia&parent=1050"}],"curies":[{"name":"wp","href":"https:\/\/api.w.org\/{rel}","templated":true}]}}

<div class="wp-block-image">
<figure class="aligncenter size-full"><img loading="lazy" decoding="async" width="450" height="191" src="http://arbeitsinitiative-letschin.de/wp-content/uploads/2020/11/Logo.jpg" alt="" class="wp-image-634" srcset="http://arbeitsinitiative-letschin.de/wp-content/uploads/2020/11/Logo.jpg 450w, http://arbeitsinitiative-letschin.de/wp-content/uploads/2020/11/Logo-300x127.jpg 300w" sizes="auto, (max-width: 450px) 100vw, 450px" /></figure></div>


<p class="has-text-align-center"><strong>Was bewegt uns dieses&nbsp;Projekt zu starten?</strong></p>



<p>Viele  Kinder und Jugendliche, aber auch Erwachsene, kennen nicht die Zusammenhänge zwischen Natur Umwelt und Mensch. Woher unsere Lebensmittel ursprünglich kommen, ist vielen unbekannt. Die Aktionstage tragen dazu bei, die Bevölkerung, vom Kind bis zum Senior, sie für die Thematik Natur, Umwelt und Ernährung zu sensibilisieren, Wissen zu vermitteln und Umweltbewusstsein zu fördern. Es gibt nichts Besseres, als unsere Umwelt spielerisch , erforschend  und/ oder erlebnisreich zu erkunden. Doch viele Menschen fehlen häufig die Möglichkeiten, diese Erfahrungen zu sammeln. Gerade in junge Jahren gelingt es aber, die Neugier und den Forschungsgeist der Kinder anzuregen. Ein frühes Heranführen an die Ökologie ist daher besonders für ein späteres Naturbewusstsein unerlässlich. Somit tragen die Aktionstage u.a. zum verantwortungsvollen Handeln im weiterem Jugend- und Erwachsenalter bei.</p>



<p class="has-text-align-center"><strong>Wie stellen wir uns die Umsetzung des Projektes vor?</strong></p>



<p>Es sind 4 Aktionstage geplant, um Wissenswertes rund um die Streuobstwiese zu vermitteln. Jeweils ein Tag im Frühling, Sommer, Herbst und Winter sollen verdeutlichen, wie sich Natur und Tierwelt verändern. Es können alle Aktionstage wahrgenommen werden, aber auch die jahreszeitlichen einzelnen Aktionstage.</p>



<p>Durch spielerische  und erlebnisorientierte Aktivtäten sowie Beobachtungen kann eigenes Wissen getestet und/ oder neues Wissen erlangt werden sowie Erfahrungen ausgetauscht werden. Das Angebot ist für alle Altersgruppen offen und trägt zur generationsübergreifenden Verständigung bei.</p>



<p class="has-text-align-center"><a rel="noreferrer noopener" href="http://arbeitsinitiative-letschin.de/wp-content/uploads/2023/07/Impressionen-1.Aktionstag.pdf" target="_blank">Impressionen zum 1. Aktionstag</a></p>



<p class="has-text-align-center"><a href="http://arbeitsinitiative-letschin.de/wp-content/uploads/2024/02/Impressionen-2.Aktionstag-1.pdf" data-type="URL" target="_blank" rel="noreferrer noopener">Impressionen zum 2. Aktionstag</a> </p>



<p class="has-text-align-center"><a href="http://arbeitsinitiative-letschin.de/wp-content/uploads/2024/02/Impressionen-3.Aktionstag.pdf" data-type="URL" data-id="http://arbeitsinitiative-letschin.de/wp-content/uploads/2024/02/Impressionen-3.Aktionstag.pdf" target="_blank" rel="noreferrer noopener">Impressionen zum 3. Aktionstag</a></p>



<p class="has-text-align-center"><a href="http://arbeitsinitiative-letschin.de/wp-content/uploads/2024/02/Impressionen-4-.Aktionstag.pdf" data-type="URL" data-id="http://arbeitsinitiative-letschin.de/wp-content/uploads/2024/02/Impressionen-4-.Aktionstag.pdf" target="_blank" rel="noreferrer noopener">Impressionen zum 4. Aktionstag</a></p>


<div class="wp-block-image">
<figure class="aligncenter size-full is-resized"><a href="http://arbeitsinitiative-letschin.de/wp-content/uploads/2024/02/Artikel-in-Letschiner-Rundschau.jpg"><img loading="lazy" decoding="async" src="http://arbeitsinitiative-letschin.de/wp-content/uploads/2024/02/Artikel-in-Letschiner-Rundschau.jpg" alt="" class="wp-image-1092" width="362" height="314" srcset="http://arbeitsinitiative-letschin.de/wp-content/uploads/2024/02/Artikel-in-Letschiner-Rundschau.jpg 723w, http://arbeitsinitiative-letschin.de/wp-content/uploads/2024/02/Artikel-in-Letschiner-Rundschau-300x260.jpg 300w, http://arbeitsinitiative-letschin.de/wp-content/uploads/2024/02/Artikel-in-Letschiner-Rundschau-624x541.jpg 624w" sizes="auto, (max-width: 362px) 100vw, 362px" /></a></figure></div>


<p><em>Mehr Informationen zum&nbsp;Förderprogramm&nbsp;Aktion Gesunde Umwelt&nbsp;und&nbsp;Aktion Nachhaltige Entwicklung – Lokale Agenda 21&nbsp;in Brandenburg finden sie hier:&nbsp;<a rel="noreferrer noopener" href="http://aktion-brandenburg.de/" target="_blank">http://aktion-brandenburg.de/</a></em></p>



<p></p>

<p>Was bewegt uns dieses&nbsp;Projekt zu starten? Viele Kinder und Jugendliche, aber auch Erwachsene, kennen nicht die Zusammenhänge zwischen Natur Umwelt und Mensch. Woher unsere Lebensmittel ursprünglich kommen, ist vielen unbekannt&#8230;. <a href="http://arbeitsinitiative-letschin.de/?page_id=1050">Read more &raquo;</a></p>
