{"id":107,"date":"2020-08-14T16:41:40","date_gmt":"2020-08-14T14:41:40","guid":{"rendered":"http:\/\/arbeitsinitiative-letschin.de\/?page_id=107"},"modified":"2024-01-22T13:55:50","modified_gmt":"2024-01-22T11:55:50","slug":"standorte","status":"publish","type":"page","link":"http:\/\/arbeitsinitiative-letschin.de\/?page_id=107","title":{"rendered":"Standorte"},"content":{"rendered":"<p><strong><span style=\"text-decoration: underline;\">Unsere Projekt- und Schulungsstandorte:<\/span><\/strong><\/p>\n<p>Gesch\u00e4ftsstelle und Schulungsr\u00e4ume<br \/>\nBahnhofstra\u00dfe 31<br \/>\n15324 Letschin<br \/>\nTel: 033475 50961<\/p>\n<p>Projekt- und Schulungsstandort<br \/>\nBerliner Stra\u00dfe 31 a<br \/>\n15306 Seelow<\/p>\n","protected":false},"excerpt":{"rendered":"<p>Unsere Projekt- und Schulungsstandorte: Gesch\u00e4ftsstelle und Schulungsr\u00e4ume Bahnhofstra\u00dfe 31 15324 Letschin Tel: 033475 50961 Projekt- und Schulungsstandort Berliner Stra\u00dfe 31 a 15306 Seelow<\/p>\n","protected":false},"author":1,"featured_media":0,"parent":13,"menu_order":1,"comment_status":"closed","ping_status":"closed","template":"","meta":{"footnotes":""},"class_list":["post-107","page","type-page","status-publish","hentry"],"_links":{"self":[{"href":"http:\/\/arbeitsinitiative-letschin.de\/index.php?rest_route=\/wp\/v2\/pages\/107","targetHints":{"allow":["GET"]}}],"collection":[{"href":"http:\/\/arbeitsinitiative-letschin.de\/index.php?rest_route=\/wp\/v2\/pages"}],"about":[{"href":"http:\/\/arbeitsinitiative-letschin.de\/index.php?rest_route=\/wp\/v2\/types\/page"}],"author":[{"embeddable":true,"href":"http:\/\/arbeitsinitiative-letschin.de\/index.php?rest_route=\/wp\/v2\/users\/1"}],"replies":[{"embeddable":true,"href":"http:\/\/arbeitsinitiative-letschin.de\/index.php?rest_route=%2Fwp%2Fv2%2Fcomments&post=107"}],"version-history":[{"count":6,"href":"http:\/\/arbeitsinitiative-letschin.de\/index.php?rest_route=\/wp\/v2\/pages\/107\/revisions"}],"predecessor-version":[{"id":1076,"href":"http:\/\/arbeitsinitiative-letschin.de\/index.php?rest_route=\/wp\/v2\/pages\/107\/revisions\/1076"}],"up":[{"embeddable":true,"href":"http:\/\/arbeitsinitiative-letschin.de\/index.php?rest_route=\/wp\/v2\/pages\/13"}],"wp:attachment":[{"href":"http:\/\/arbeitsinitiative-letschin.de\/index.php?rest_route=%2Fwp%2Fv2%2Fmedia&parent=107"}],"curies":[{"name":"wp","href":"https:\/\/api.w.org\/{rel}","templated":true}]}}