{"id":112,"date":"2021-08-30T08:15:03","date_gmt":"2021-08-30T06:15:03","guid":{"rendered":"http:\/\/arbeitsinitiative-letschin.de\/?page_id=112"},"modified":"2021-08-31T10:11:12","modified_gmt":"2021-08-31T08:11:12","slug":"klangzimmer","status":"publish","type":"page","link":"http:\/\/arbeitsinitiative-letschin.de\/?page_id=112","title":{"rendered":"Klangzimmer"},"content":{"rendered":"<p><img loading=\"lazy\" decoding=\"async\" class=\"size-full wp-image-495 aligncenter\" src=\"http:\/\/arbeitsinitiative-letschin.de\/wp-content\/uploads\/2020\/06\/Klangzimmer-Rathstock.jpg\" alt=\"\" width=\"400\" height=\"219\" srcset=\"http:\/\/arbeitsinitiative-letschin.de\/wp-content\/uploads\/2020\/06\/Klangzimmer-Rathstock.jpg 400w, http:\/\/arbeitsinitiative-letschin.de\/wp-content\/uploads\/2020\/06\/Klangzimmer-Rathstock-300x164.jpg 300w\" sizes=\"auto, (max-width: 400px) 100vw, 400px\" \/><\/p>\n<p>Das Klangzimmer in Rathstock wurde im Jahr 2010 auf Initiative der Gemeinde Alt Tucheband im Zusammenwirken mit dem Amt Golzow und der Arbeitsinitiative Letschin e.V. gegr\u00fcndet.<\/p>\n<p>Das Amt Golzow liegt im Landkreis M\u00e4rkisch-Oderland und integriert die Gemeinde Alt Tucheband mit den Ortsteilen Rathstock, Alt Tucheband und Hathenow, die Gemeinde K\u00fcstriner Vorland mit den Ortsteilen Gorgast, Manschnow und K\u00fcstrin Kietz, die Gemeinde Zechin mit den Ortsteilen Buschdorf, Friedrichsaue und Zechin, die Gemeinde Golzow und die Gemeinde Bleyen-Genschmar mit den Ortsteilen Bleyen und Genschmar.<\/p>\n<p>Das Klangzimmer in Rathstock wurde gestaltet in einem ehemaligen Klassenraum der fr\u00fcheren Schule. Hierin befindet sich eine Ausstellung zu Rio Reiser, der seine Wurzeln in Alt Tucheband hatte. Es werden weiterhin unterschiedlichste Musikinstrumente ausgestellt, insbesondere der Bezug zum traditionellen Harmonikatreffen. Der Raum wird genutzt f\u00fcr verschiedene Veranstaltungen z. B. f\u00fcr Seniorenzusammenk\u00fcnfte, Projekttage von Schulen der Region und thematische Events mit Bezug zur l\u00e4ndlichen Kultur und Tradition. Eine Seniorenband nutzt diesen als Proberaum, die Kreismusikschule M\u00e4rkisch-Oderland bietet in dem Raum Musikunterricht an.<\/p>\n<p><em><strong>Wenn wir Euer Interesse geweckt haben, besucht uns im Klangzimmer <\/strong><\/em><br><em><strong>Gemeinde Alt Tucheband OT Rathstock Lindenstra\u00dfe 13 oder meldet Euch <\/strong><\/em><br><em><strong>unter Tel. 033601 248 oder 0173 1795966 (Frau Cor).<\/strong><\/em><\/p>\n<p><\/p>\n\n\n<figure class=\"wp-block-gallery columns-3 is-cropped wp-block-gallery-1 is-layout-flex wp-block-gallery-is-layout-flex\"><ul class=\"blocks-gallery-grid\"><li class=\"blocks-gallery-item\"><figure><img loading=\"lazy\" decoding=\"async\" width=\"886\" height=\"664\" src=\"http:\/\/arbeitsinitiative-letschin.de\/wp-content\/uploads\/2021\/08\/MU-HA-Ausstellung-005.jpg\" alt=\"\" data-id=\"733\" data-full-url=\"http:\/\/arbeitsinitiative-letschin.de\/wp-content\/uploads\/2021\/08\/MU-HA-Ausstellung-005.jpg\" data-link=\"http:\/\/arbeitsinitiative-letschin.de\/?attachment_id=733\" class=\"wp-image-733\" srcset=\"http:\/\/arbeitsinitiative-letschin.de\/wp-content\/uploads\/2021\/08\/MU-HA-Ausstellung-005.jpg 886w, http:\/\/arbeitsinitiative-letschin.de\/wp-content\/uploads\/2021\/08\/MU-HA-Ausstellung-005-300x225.jpg 300w, http:\/\/arbeitsinitiative-letschin.de\/wp-content\/uploads\/2021\/08\/MU-HA-Ausstellung-005-768x576.jpg 768w, http:\/\/arbeitsinitiative-letschin.de\/wp-content\/uploads\/2021\/08\/MU-HA-Ausstellung-005-624x468.jpg 624w, http:\/\/arbeitsinitiative-letschin.de\/wp-content\/uploads\/2021\/08\/MU-HA-Ausstellung-005-240x180.jpg 240w\" sizes=\"auto, (max-width: 886px) 100vw, 886px\" \/><\/figure><\/li><li class=\"blocks-gallery-item\"><figure><img loading=\"lazy\" decoding=\"async\" width=\"886\" height=\"547\" src=\"http:\/\/arbeitsinitiative-letschin.de\/wp-content\/uploads\/2021\/08\/20191112-Wanderfest-58.jpg\" alt=\"\" data-id=\"731\" data-full-url=\"http:\/\/arbeitsinitiative-letschin.de\/wp-content\/uploads\/2021\/08\/20191112-Wanderfest-58.jpg\" data-link=\"http:\/\/arbeitsinitiative-letschin.de\/?attachment_id=731\" class=\"wp-image-731\" srcset=\"http:\/\/arbeitsinitiative-letschin.de\/wp-content\/uploads\/2021\/08\/20191112-Wanderfest-58.jpg 886w, http:\/\/arbeitsinitiative-letschin.de\/wp-content\/uploads\/2021\/08\/20191112-Wanderfest-58-300x185.jpg 300w, http:\/\/arbeitsinitiative-letschin.de\/wp-content\/uploads\/2021\/08\/20191112-Wanderfest-58-768x474.jpg 768w, http:\/\/arbeitsinitiative-letschin.de\/wp-content\/uploads\/2021\/08\/20191112-Wanderfest-58-624x385.jpg 624w\" sizes=\"auto, (max-width: 886px) 100vw, 886px\" \/><\/figure><\/li><li class=\"blocks-gallery-item\"><figure><img loading=\"lazy\" decoding=\"async\" width=\"886\" height=\"588\" src=\"http:\/\/arbeitsinitiative-letschin.de\/wp-content\/uploads\/2021\/08\/20180731-Hort-Manschnow-3.jpg\" alt=\"\" data-id=\"730\" data-full-url=\"http:\/\/arbeitsinitiative-letschin.de\/wp-content\/uploads\/2021\/08\/20180731-Hort-Manschnow-3.jpg\" data-link=\"http:\/\/arbeitsinitiative-letschin.de\/?attachment_id=730\" class=\"wp-image-730\" srcset=\"http:\/\/arbeitsinitiative-letschin.de\/wp-content\/uploads\/2021\/08\/20180731-Hort-Manschnow-3.jpg 886w, http:\/\/arbeitsinitiative-letschin.de\/wp-content\/uploads\/2021\/08\/20180731-Hort-Manschnow-3-300x199.jpg 300w, http:\/\/arbeitsinitiative-letschin.de\/wp-content\/uploads\/2021\/08\/20180731-Hort-Manschnow-3-768x510.jpg 768w, http:\/\/arbeitsinitiative-letschin.de\/wp-content\/uploads\/2021\/08\/20180731-Hort-Manschnow-3-624x414.jpg 624w\" sizes=\"auto, (max-width: 886px) 100vw, 886px\" \/><\/figure><\/li><li class=\"blocks-gallery-item\"><figure><img loading=\"lazy\" decoding=\"async\" width=\"886\" height=\"665\" src=\"http:\/\/arbeitsinitiative-letschin.de\/wp-content\/uploads\/2021\/08\/20170117-Ehrung-Willi-Mueller-4.jpg\" alt=\"\" data-id=\"729\" data-full-url=\"http:\/\/arbeitsinitiative-letschin.de\/wp-content\/uploads\/2021\/08\/20170117-Ehrung-Willi-Mueller-4.jpg\" data-link=\"http:\/\/arbeitsinitiative-letschin.de\/?attachment_id=729\" class=\"wp-image-729\" srcset=\"http:\/\/arbeitsinitiative-letschin.de\/wp-content\/uploads\/2021\/08\/20170117-Ehrung-Willi-Mueller-4.jpg 886w, http:\/\/arbeitsinitiative-letschin.de\/wp-content\/uploads\/2021\/08\/20170117-Ehrung-Willi-Mueller-4-300x225.jpg 300w, http:\/\/arbeitsinitiative-letschin.de\/wp-content\/uploads\/2021\/08\/20170117-Ehrung-Willi-Mueller-4-768x576.jpg 768w, http:\/\/arbeitsinitiative-letschin.de\/wp-content\/uploads\/2021\/08\/20170117-Ehrung-Willi-Mueller-4-624x468.jpg 624w, http:\/\/arbeitsinitiative-letschin.de\/wp-content\/uploads\/2021\/08\/20170117-Ehrung-Willi-Mueller-4-240x180.jpg 240w\" sizes=\"auto, (max-width: 886px) 100vw, 886px\" \/><\/figure><\/li><li class=\"blocks-gallery-item\"><figure><img loading=\"lazy\" decoding=\"async\" width=\"886\" height=\"664\" src=\"http:\/\/arbeitsinitiative-letschin.de\/wp-content\/uploads\/2021\/08\/18.10.2017-Allo-Heim-Ffo-011.jpg\" alt=\"\" data-id=\"727\" data-full-url=\"http:\/\/arbeitsinitiative-letschin.de\/wp-content\/uploads\/2021\/08\/18.10.2017-Allo-Heim-Ffo-011.jpg\" data-link=\"http:\/\/arbeitsinitiative-letschin.de\/?attachment_id=727\" class=\"wp-image-727\" srcset=\"http:\/\/arbeitsinitiative-letschin.de\/wp-content\/uploads\/2021\/08\/18.10.2017-Allo-Heim-Ffo-011.jpg 886w, http:\/\/arbeitsinitiative-letschin.de\/wp-content\/uploads\/2021\/08\/18.10.2017-Allo-Heim-Ffo-011-300x225.jpg 300w, http:\/\/arbeitsinitiative-letschin.de\/wp-content\/uploads\/2021\/08\/18.10.2017-Allo-Heim-Ffo-011-768x576.jpg 768w, http:\/\/arbeitsinitiative-letschin.de\/wp-content\/uploads\/2021\/08\/18.10.2017-Allo-Heim-Ffo-011-624x468.jpg 624w, http:\/\/arbeitsinitiative-letschin.de\/wp-content\/uploads\/2021\/08\/18.10.2017-Allo-Heim-Ffo-011-240x180.jpg 240w\" sizes=\"auto, (max-width: 886px) 100vw, 886px\" \/><\/figure><\/li><li class=\"blocks-gallery-item\"><figure><img loading=\"lazy\" decoding=\"async\" width=\"886\" height=\"664\" src=\"http:\/\/arbeitsinitiative-letschin.de\/wp-content\/uploads\/2021\/08\/28.06.2017-Grundschule-Golzow-Kl.-2-028.jpg\" alt=\"\" data-id=\"728\" data-full-url=\"http:\/\/arbeitsinitiative-letschin.de\/wp-content\/uploads\/2021\/08\/28.06.2017-Grundschule-Golzow-Kl.-2-028.jpg\" data-link=\"http:\/\/arbeitsinitiative-letschin.de\/?attachment_id=728\" class=\"wp-image-728\" srcset=\"http:\/\/arbeitsinitiative-letschin.de\/wp-content\/uploads\/2021\/08\/28.06.2017-Grundschule-Golzow-Kl.-2-028.jpg 886w, http:\/\/arbeitsinitiative-letschin.de\/wp-content\/uploads\/2021\/08\/28.06.2017-Grundschule-Golzow-Kl.-2-028-300x225.jpg 300w, http:\/\/arbeitsinitiative-letschin.de\/wp-content\/uploads\/2021\/08\/28.06.2017-Grundschule-Golzow-Kl.-2-028-768x576.jpg 768w, http:\/\/arbeitsinitiative-letschin.de\/wp-content\/uploads\/2021\/08\/28.06.2017-Grundschule-Golzow-Kl.-2-028-624x468.jpg 624w, http:\/\/arbeitsinitiative-letschin.de\/wp-content\/uploads\/2021\/08\/28.06.2017-Grundschule-Golzow-Kl.-2-028-240x180.jpg 240w\" sizes=\"auto, (max-width: 886px) 100vw, 886px\" \/><\/figure><\/li><li class=\"blocks-gallery-item\"><figure><img loading=\"lazy\" decoding=\"async\" width=\"886\" height=\"664\" src=\"http:\/\/arbeitsinitiative-letschin.de\/wp-content\/uploads\/2021\/08\/Gitarre-Abschlussfeier-21.06.2018-024.jpg\" alt=\"\" data-id=\"732\" data-full-url=\"http:\/\/arbeitsinitiative-letschin.de\/wp-content\/uploads\/2021\/08\/Gitarre-Abschlussfeier-21.06.2018-024.jpg\" data-link=\"http:\/\/arbeitsinitiative-letschin.de\/?attachment_id=732\" class=\"wp-image-732\" srcset=\"http:\/\/arbeitsinitiative-letschin.de\/wp-content\/uploads\/2021\/08\/Gitarre-Abschlussfeier-21.06.2018-024.jpg 886w, http:\/\/arbeitsinitiative-letschin.de\/wp-content\/uploads\/2021\/08\/Gitarre-Abschlussfeier-21.06.2018-024-300x225.jpg 300w, http:\/\/arbeitsinitiative-letschin.de\/wp-content\/uploads\/2021\/08\/Gitarre-Abschlussfeier-21.06.2018-024-768x576.jpg 768w, http:\/\/arbeitsinitiative-letschin.de\/wp-content\/uploads\/2021\/08\/Gitarre-Abschlussfeier-21.06.2018-024-624x468.jpg 624w, http:\/\/arbeitsinitiative-letschin.de\/wp-content\/uploads\/2021\/08\/Gitarre-Abschlussfeier-21.06.2018-024-240x180.jpg 240w\" sizes=\"auto, (max-width: 886px) 100vw, 886px\" \/><\/figure><\/li><\/ul><\/figure>\n\n\n\n<p class=\"has-text-align-center\"><strong><a href=\"http:\/\/arbeitsinitiative-letschin.de\/wp-content\/uploads\/2020\/06\/Klangzimmer-Plakat-web.pdf\" data-type=\"URL\" data-id=\"http:\/\/arbeitsinitiative-letschin.de\/wp-content\/uploads\/2020\/06\/Klangzimmer-Plakat-web.pdf\" target=\"_blank\" rel=\"noreferrer noopener\">Plakat vom Klangzimmer<\/a><\/strong><\/p>\n","protected":false},"excerpt":{"rendered":"<p>Das Klangzimmer in Rathstock wurde im Jahr 2010 auf Initiative der Gemeinde Alt Tucheband im Zusammenwirken mit dem Amt Golzow und der Arbeitsinitiative Letschin e.V. gegr\u00fcndet. Das Amt Golzow liegt&#8230; <a href=\"http:\/\/arbeitsinitiative-letschin.de\/?page_id=112\">Read more &raquo;<\/a><\/p>\n","protected":false},"author":3,"featured_media":0,"parent":792,"menu_order":0,"comment_status":"closed","ping_status":"closed","template":"","meta":{"footnotes":""},"class_list":["post-112","page","type-page","status-publish","hentry"],"_links":{"self":[{"href":"http:\/\/arbeitsinitiative-letschin.de\/index.php?rest_route=\/wp\/v2\/pages\/112","targetHints":{"allow":["GET"]}}],"collection":[{"href":"http:\/\/arbeitsinitiative-letschin.de\/index.php?rest_route=\/wp\/v2\/pages"}],"about":[{"href":"http:\/\/arbeitsinitiative-letschin.de\/index.php?rest_route=\/wp\/v2\/types\/page"}],"author":[{"embeddable":true,"href":"http:\/\/arbeitsinitiative-letschin.de\/index.php?rest_route=\/wp\/v2\/users\/3"}],"replies":[{"embeddable":true,"href":"http:\/\/arbeitsinitiative-letschin.de\/index.php?rest_route=%2Fwp%2Fv2%2Fcomments&post=112"}],"version-history":[{"count":22,"href":"http:\/\/arbeitsinitiative-letschin.de\/index.php?rest_route=\/wp\/v2\/pages\/112\/revisions"}],"predecessor-version":[{"id":799,"href":"http:\/\/arbeitsinitiative-letschin.de\/index.php?rest_route=\/wp\/v2\/pages\/112\/revisions\/799"}],"up":[{"embeddable":true,"href":"http:\/\/arbeitsinitiative-letschin.de\/index.php?rest_route=\/wp\/v2\/pages\/792"}],"wp:attachment":[{"href":"http:\/\/arbeitsinitiative-letschin.de\/index.php?rest_route=%2Fwp%2Fv2%2Fmedia&parent=112"}],"curies":[{"name":"wp","href":"https:\/\/api.w.org\/{rel}","templated":true}]}}

<p><img loading="lazy" decoding="async" class="size-full wp-image-495 aligncenter" src="http://arbeitsinitiative-letschin.de/wp-content/uploads/2020/06/Klangzimmer-Rathstock.jpg" alt="" width="400" height="219" srcset="http://arbeitsinitiative-letschin.de/wp-content/uploads/2020/06/Klangzimmer-Rathstock.jpg 400w, http://arbeitsinitiative-letschin.de/wp-content/uploads/2020/06/Klangzimmer-Rathstock-300x164.jpg 300w" sizes="auto, (max-width: 400px) 100vw, 400px" /></p>
<p>Das Klangzimmer in Rathstock wurde im Jahr 2010 auf Initiative der Gemeinde Alt Tucheband im Zusammenwirken mit dem Amt Golzow und der Arbeitsinitiative Letschin e.V. gegründet.</p>
<p>Das Amt Golzow liegt im Landkreis Märkisch-Oderland und integriert die Gemeinde Alt Tucheband mit den Ortsteilen Rathstock, Alt Tucheband und Hathenow, die Gemeinde Küstriner Vorland mit den Ortsteilen Gorgast, Manschnow und Küstrin Kietz, die Gemeinde Zechin mit den Ortsteilen Buschdorf, Friedrichsaue und Zechin, die Gemeinde Golzow und die Gemeinde Bleyen-Genschmar mit den Ortsteilen Bleyen und Genschmar.</p>
<p>Das Klangzimmer in Rathstock wurde gestaltet in einem ehemaligen Klassenraum der früheren Schule. Hierin befindet sich eine Ausstellung zu Rio Reiser, der seine Wurzeln in Alt Tucheband hatte. Es werden weiterhin unterschiedlichste Musikinstrumente ausgestellt, insbesondere der Bezug zum traditionellen Harmonikatreffen. Der Raum wird genutzt für verschiedene Veranstaltungen z. B. für Seniorenzusammenkünfte, Projekttage von Schulen der Region und thematische Events mit Bezug zur ländlichen Kultur und Tradition. Eine Seniorenband nutzt diesen als Proberaum, die Kreismusikschule Märkisch-Oderland bietet in dem Raum Musikunterricht an.</p>
<p><em><strong>Wenn wir Euer Interesse geweckt haben, besucht uns im Klangzimmer </strong></em><br><em><strong>Gemeinde Alt Tucheband OT Rathstock Lindenstraße 13 oder meldet Euch </strong></em><br><em><strong>unter Tel. 033601 248 oder 0173 1795966 (Frau Cor).</strong></em></p>
<p></p>


<figure class="wp-block-gallery columns-3 is-cropped wp-block-gallery-1 is-layout-flex wp-block-gallery-is-layout-flex"><ul class="blocks-gallery-grid"><li class="blocks-gallery-item"><figure><img loading="lazy" decoding="async" width="886" height="664" src="http://arbeitsinitiative-letschin.de/wp-content/uploads/2021/08/MU-HA-Ausstellung-005.jpg" alt="" data-id="733" data-full-url="http://arbeitsinitiative-letschin.de/wp-content/uploads/2021/08/MU-HA-Ausstellung-005.jpg" data-link="http://arbeitsinitiative-letschin.de/?attachment_id=733" class="wp-image-733" srcset="http://arbeitsinitiative-letschin.de/wp-content/uploads/2021/08/MU-HA-Ausstellung-005.jpg 886w, http://arbeitsinitiative-letschin.de/wp-content/uploads/2021/08/MU-HA-Ausstellung-005-300x225.jpg 300w, http://arbeitsinitiative-letschin.de/wp-content/uploads/2021/08/MU-HA-Ausstellung-005-768x576.jpg 768w, http://arbeitsinitiative-letschin.de/wp-content/uploads/2021/08/MU-HA-Ausstellung-005-624x468.jpg 624w, http://arbeitsinitiative-letschin.de/wp-content/uploads/2021/08/MU-HA-Ausstellung-005-240x180.jpg 240w" sizes="auto, (max-width: 886px) 100vw, 886px" /></figure></li><li class="blocks-gallery-item"><figure><img loading="lazy" decoding="async" width="886" height="547" src="http://arbeitsinitiative-letschin.de/wp-content/uploads/2021/08/20191112-Wanderfest-58.jpg" alt="" data-id="731" data-full-url="http://arbeitsinitiative-letschin.de/wp-content/uploads/2021/08/20191112-Wanderfest-58.jpg" data-link="http://arbeitsinitiative-letschin.de/?attachment_id=731" class="wp-image-731" srcset="http://arbeitsinitiative-letschin.de/wp-content/uploads/2021/08/20191112-Wanderfest-58.jpg 886w, http://arbeitsinitiative-letschin.de/wp-content/uploads/2021/08/20191112-Wanderfest-58-300x185.jpg 300w, http://arbeitsinitiative-letschin.de/wp-content/uploads/2021/08/20191112-Wanderfest-58-768x474.jpg 768w, http://arbeitsinitiative-letschin.de/wp-content/uploads/2021/08/20191112-Wanderfest-58-624x385.jpg 624w" sizes="auto, (max-width: 886px) 100vw, 886px" /></figure></li><li class="blocks-gallery-item"><figure><img loading="lazy" decoding="async" width="886" height="588" src="http://arbeitsinitiative-letschin.de/wp-content/uploads/2021/08/20180731-Hort-Manschnow-3.jpg" alt="" data-id="730" data-full-url="http://arbeitsinitiative-letschin.de/wp-content/uploads/2021/08/20180731-Hort-Manschnow-3.jpg" data-link="http://arbeitsinitiative-letschin.de/?attachment_id=730" class="wp-image-730" srcset="http://arbeitsinitiative-letschin.de/wp-content/uploads/2021/08/20180731-Hort-Manschnow-3.jpg 886w, http://arbeitsinitiative-letschin.de/wp-content/uploads/2021/08/20180731-Hort-Manschnow-3-300x199.jpg 300w, http://arbeitsinitiative-letschin.de/wp-content/uploads/2021/08/20180731-Hort-Manschnow-3-768x510.jpg 768w, http://arbeitsinitiative-letschin.de/wp-content/uploads/2021/08/20180731-Hort-Manschnow-3-624x414.jpg 624w" sizes="auto, (max-width: 886px) 100vw, 886px" /></figure></li><li class="blocks-gallery-item"><figure><img loading="lazy" decoding="async" width="886" height="665" src="http://arbeitsinitiative-letschin.de/wp-content/uploads/2021/08/20170117-Ehrung-Willi-Mueller-4.jpg" alt="" data-id="729" data-full-url="http://arbeitsinitiative-letschin.de/wp-content/uploads/2021/08/20170117-Ehrung-Willi-Mueller-4.jpg" data-link="http://arbeitsinitiative-letschin.de/?attachment_id=729" class="wp-image-729" srcset="http://arbeitsinitiative-letschin.de/wp-content/uploads/2021/08/20170117-Ehrung-Willi-Mueller-4.jpg 886w, http://arbeitsinitiative-letschin.de/wp-content/uploads/2021/08/20170117-Ehrung-Willi-Mueller-4-300x225.jpg 300w, http://arbeitsinitiative-letschin.de/wp-content/uploads/2021/08/20170117-Ehrung-Willi-Mueller-4-768x576.jpg 768w, http://arbeitsinitiative-letschin.de/wp-content/uploads/2021/08/20170117-Ehrung-Willi-Mueller-4-624x468.jpg 624w, http://arbeitsinitiative-letschin.de/wp-content/uploads/2021/08/20170117-Ehrung-Willi-Mueller-4-240x180.jpg 240w" sizes="auto, (max-width: 886px) 100vw, 886px" /></figure></li><li class="blocks-gallery-item"><figure><img loading="lazy" decoding="async" width="886" height="664" src="http://arbeitsinitiative-letschin.de/wp-content/uploads/2021/08/18.10.2017-Allo-Heim-Ffo-011.jpg" alt="" data-id="727" data-full-url="http://arbeitsinitiative-letschin.de/wp-content/uploads/2021/08/18.10.2017-Allo-Heim-Ffo-011.jpg" data-link="http://arbeitsinitiative-letschin.de/?attachment_id=727" class="wp-image-727" srcset="http://arbeitsinitiative-letschin.de/wp-content/uploads/2021/08/18.10.2017-Allo-Heim-Ffo-011.jpg 886w, http://arbeitsinitiative-letschin.de/wp-content/uploads/2021/08/18.10.2017-Allo-Heim-Ffo-011-300x225.jpg 300w, http://arbeitsinitiative-letschin.de/wp-content/uploads/2021/08/18.10.2017-Allo-Heim-Ffo-011-768x576.jpg 768w, http://arbeitsinitiative-letschin.de/wp-content/uploads/2021/08/18.10.2017-Allo-Heim-Ffo-011-624x468.jpg 624w, http://arbeitsinitiative-letschin.de/wp-content/uploads/2021/08/18.10.2017-Allo-Heim-Ffo-011-240x180.jpg 240w" sizes="auto, (max-width: 886px) 100vw, 886px" /></figure></li><li class="blocks-gallery-item"><figure><img loading="lazy" decoding="async" width="886" height="664" src="http://arbeitsinitiative-letschin.de/wp-content/uploads/2021/08/28.06.2017-Grundschule-Golzow-Kl.-2-028.jpg" alt="" data-id="728" data-full-url="http://arbeitsinitiative-letschin.de/wp-content/uploads/2021/08/28.06.2017-Grundschule-Golzow-Kl.-2-028.jpg" data-link="http://arbeitsinitiative-letschin.de/?attachment_id=728" class="wp-image-728" srcset="http://arbeitsinitiative-letschin.de/wp-content/uploads/2021/08/28.06.2017-Grundschule-Golzow-Kl.-2-028.jpg 886w, http://arbeitsinitiative-letschin.de/wp-content/uploads/2021/08/28.06.2017-Grundschule-Golzow-Kl.-2-028-300x225.jpg 300w, http://arbeitsinitiative-letschin.de/wp-content/uploads/2021/08/28.06.2017-Grundschule-Golzow-Kl.-2-028-768x576.jpg 768w, http://arbeitsinitiative-letschin.de/wp-content/uploads/2021/08/28.06.2017-Grundschule-Golzow-Kl.-2-028-624x468.jpg 624w, http://arbeitsinitiative-letschin.de/wp-content/uploads/2021/08/28.06.2017-Grundschule-Golzow-Kl.-2-028-240x180.jpg 240w" sizes="auto, (max-width: 886px) 100vw, 886px" /></figure></li><li class="blocks-gallery-item"><figure><img loading="lazy" decoding="async" width="886" height="664" src="http://arbeitsinitiative-letschin.de/wp-content/uploads/2021/08/Gitarre-Abschlussfeier-21.06.2018-024.jpg" alt="" data-id="732" data-full-url="http://arbeitsinitiative-letschin.de/wp-content/uploads/2021/08/Gitarre-Abschlussfeier-21.06.2018-024.jpg" data-link="http://arbeitsinitiative-letschin.de/?attachment_id=732" class="wp-image-732" srcset="http://arbeitsinitiative-letschin.de/wp-content/uploads/2021/08/Gitarre-Abschlussfeier-21.06.2018-024.jpg 886w, http://arbeitsinitiative-letschin.de/wp-content/uploads/2021/08/Gitarre-Abschlussfeier-21.06.2018-024-300x225.jpg 300w, http://arbeitsinitiative-letschin.de/wp-content/uploads/2021/08/Gitarre-Abschlussfeier-21.06.2018-024-768x576.jpg 768w, http://arbeitsinitiative-letschin.de/wp-content/uploads/2021/08/Gitarre-Abschlussfeier-21.06.2018-024-624x468.jpg 624w, http://arbeitsinitiative-letschin.de/wp-content/uploads/2021/08/Gitarre-Abschlussfeier-21.06.2018-024-240x180.jpg 240w" sizes="auto, (max-width: 886px) 100vw, 886px" /></figure></li></ul></figure>



<p class="has-text-align-center"><strong><a href="http://arbeitsinitiative-letschin.de/wp-content/uploads/2020/06/Klangzimmer-Plakat-web.pdf" data-type="URL" data-id="http://arbeitsinitiative-letschin.de/wp-content/uploads/2020/06/Klangzimmer-Plakat-web.pdf" target="_blank" rel="noreferrer noopener">Plakat vom Klangzimmer</a></strong></p>

<p>Das Klangzimmer in Rathstock wurde im Jahr 2010 auf Initiative der Gemeinde Alt Tucheband im Zusammenwirken mit dem Amt Golzow und der Arbeitsinitiative Letschin e.V. gegründet. Das Amt Golzow liegt&#8230; <a href="http://arbeitsinitiative-letschin.de/?page_id=112">Read more &raquo;</a></p>
