{"id":13,"date":"2016-09-13T13:07:55","date_gmt":"2016-09-13T13:07:55","guid":{"rendered":"http:\/\/arbeitsinitiative-letschin.de\/?page_id=13"},"modified":"2025-03-03T09:38:21","modified_gmt":"2025-03-03T07:38:21","slug":"wir-ueber-uns","status":"publish","type":"page","link":"http:\/\/arbeitsinitiative-letschin.de\/?page_id=13","title":{"rendered":"Wir \u00fcber uns"},"content":{"rendered":"<p><img loading=\"lazy\" decoding=\"async\" class=\"wp-image-476 alignleft\" src=\"http:\/\/arbeitsinitiative-letschin.de\/wp-content\/uploads\/2020\/05\/ail-logo_09.03.15.jpg\" alt=\"\" width=\"90\" height=\"72\" srcset=\"http:\/\/arbeitsinitiative-letschin.de\/wp-content\/uploads\/2020\/05\/ail-logo_09.03.15.jpg 1396w, http:\/\/arbeitsinitiative-letschin.de\/wp-content\/uploads\/2020\/05\/ail-logo_09.03.15-300x240.jpg 300w, http:\/\/arbeitsinitiative-letschin.de\/wp-content\/uploads\/2020\/05\/ail-logo_09.03.15-768x615.jpg 768w, http:\/\/arbeitsinitiative-letschin.de\/wp-content\/uploads\/2020\/05\/ail-logo_09.03.15-1024x819.jpg 1024w, http:\/\/arbeitsinitiative-letschin.de\/wp-content\/uploads\/2020\/05\/ail-logo_09.03.15-624x499.jpg 624w\" sizes=\"auto, (max-width: 90px) 100vw, 90px\" \/><\/p>\n<p>Die Arbeitsinitiative Letschin e.V. wurde 1990 gegr\u00fcndet. Seit dieser Zeit hat sich die Arbeit des Vereins stetig entwickelt. Als Partner der Agentur f\u00fcr Arbeit, des Jobcenters M\u00e4rkisch-Oderland, des Landkreises M\u00e4rkisch-Oderland sowie vieler Kommunen, Vereine und anderen Institutionen und Unternehmen, begleiten wir arbeitslose Menschen und unterst\u00fctzen sie bei der Integration in Arbeit oder Ausbildung. Die Angebote der Arbeitsf\u00f6rderung nach SGB II und SGB III werden hierbei im Rahmen unseres Vereinszweckes und unserer M\u00f6glichkeiten vorgehalten.<\/p>\n<p><i>Auszug aus der Vereinssatzung:<br \/>Entsprechend unseres Vereinszweckes ergeben sich folgende Schwerpunkte:<\/i><\/p>\n<p><i>&#8211; F\u00f6rderung des Umwelt-, Landschafts- und Denkmalschutzes<br \/>&#8211; F\u00f6rderung von Bildung und Erziehung<br \/>&#8211; F\u00f6rderung der Heimatpflege und Heimatkunde<br \/>&#8211; F\u00f6rderung der Jugendhilfe sowie der Unterst\u00fctzung hilfebed\u00fcrftiger Personen<br \/><\/i><\/p>\n<p><i>Der Satzungszweck wird insbesondere dadurch erf\u00fcllt, dass der Verein Einfluss auf die Erhaltung der Natur und Umwelt nimmt und die Errichtung und Erhaltung von Naturschutzgebieten sowie die Erhaltung von Denkm\u00e4lern unterst\u00fctzt.<br \/>In Zusammenarbeit mit den jeweiligen \u00c4mtern werden Zielgruppen mit der Realisierung der Aufgaben entsprechend des Vereinszweckes betraut und angeleitet.<\/i><\/p>\n<p><em>Der Verein verfolgt ausschlie\u00dflich und unmittelbar gemeinn\u00fctzige Zwecke.<\/em><\/p>\n<p>Wir sind zertifiziert nach AZAV<\/p>\n<p><a href=\"http:\/\/arbeitsinitiative-letschin.de\/wp-content\/uploads\/2024\/03\/Leitbild_A3_AIL_01.01.22.pdf\" target=\"_blank\" rel=\"noopener\">Leitbild<\/a><\/p>\n<p><a href=\"http:\/\/arbeitsinitiative-letschin.de\/wp-content\/uploads\/2020\/11\/Tr\u00e4gerzertifikat_14.07.20_19.03.25.pdf\">Tr\u00e4gerzertifikat der AILetschin<\/a><\/p>\n<p>\u00a0<\/p>\n\n\n<figure class=\"wp-block-image size-full is-resized\"><img loading=\"lazy\" decoding=\"async\" width=\"600\" height=\"299\" src=\"http:\/\/arbeitsinitiative-letschin.de\/wp-content\/uploads\/2025\/03\/AZAV_Traeger_farbe_de.gif\" alt=\"\" class=\"wp-image-1197\" style=\"width:247px;height:auto\"\/><\/figure>\n\n\n\n<p><\/p>\n","protected":false},"excerpt":{"rendered":"<p>Die Arbeitsinitiative Letschin e.V. wurde 1990 gegr\u00fcndet. Seit dieser Zeit hat sich die Arbeit des Vereins stetig entwickelt. Als Partner der Agentur f\u00fcr Arbeit, des Jobcenters M\u00e4rkisch-Oderland, des Landkreises M\u00e4rkisch-Oderland&#8230; <a href=\"http:\/\/arbeitsinitiative-letschin.de\/?page_id=13\">Read more &raquo;<\/a><\/p>\n","protected":false},"author":1,"featured_media":0,"parent":0,"menu_order":13,"comment_status":"closed","ping_status":"closed","template":"","meta":{"footnotes":""},"class_list":["post-13","page","type-page","status-publish","hentry"],"_links":{"self":[{"href":"http:\/\/arbeitsinitiative-letschin.de\/index.php?rest_route=\/wp\/v2\/pages\/13","targetHints":{"allow":["GET"]}}],"collection":[{"href":"http:\/\/arbeitsinitiative-letschin.de\/index.php?rest_route=\/wp\/v2\/pages"}],"about":[{"href":"http:\/\/arbeitsinitiative-letschin.de\/index.php?rest_route=\/wp\/v2\/types\/page"}],"author":[{"embeddable":true,"href":"http:\/\/arbeitsinitiative-letschin.de\/index.php?rest_route=\/wp\/v2\/users\/1"}],"replies":[{"embeddable":true,"href":"http:\/\/arbeitsinitiative-letschin.de\/index.php?rest_route=%2Fwp%2Fv2%2Fcomments&post=13"}],"version-history":[{"count":18,"href":"http:\/\/arbeitsinitiative-letschin.de\/index.php?rest_route=\/wp\/v2\/pages\/13\/revisions"}],"predecessor-version":[{"id":1198,"href":"http:\/\/arbeitsinitiative-letschin.de\/index.php?rest_route=\/wp\/v2\/pages\/13\/revisions\/1198"}],"wp:attachment":[{"href":"http:\/\/arbeitsinitiative-letschin.de\/index.php?rest_route=%2Fwp%2Fv2%2Fmedia&parent=13"}],"curies":[{"name":"wp","href":"https:\/\/api.w.org\/{rel}","templated":true}]}}

Wir über uns

<p><img loading="lazy" decoding="async" class="wp-image-476 alignleft" src="http://arbeitsinitiative-letschin.de/wp-content/uploads/2020/05/ail-logo_09.03.15.jpg" alt="" width="90" height="72" srcset="http://arbeitsinitiative-letschin.de/wp-content/uploads/2020/05/ail-logo_09.03.15.jpg 1396w, http://arbeitsinitiative-letschin.de/wp-content/uploads/2020/05/ail-logo_09.03.15-300x240.jpg 300w, http://arbeitsinitiative-letschin.de/wp-content/uploads/2020/05/ail-logo_09.03.15-768x615.jpg 768w, http://arbeitsinitiative-letschin.de/wp-content/uploads/2020/05/ail-logo_09.03.15-1024x819.jpg 1024w, http://arbeitsinitiative-letschin.de/wp-content/uploads/2020/05/ail-logo_09.03.15-624x499.jpg 624w" sizes="auto, (max-width: 90px) 100vw, 90px" /></p>
<p>Die Arbeitsinitiative Letschin e.V. wurde 1990 gegründet. Seit dieser Zeit hat sich die Arbeit des Vereins stetig entwickelt. Als Partner der Agentur für Arbeit, des Jobcenters Märkisch-Oderland, des Landkreises Märkisch-Oderland sowie vieler Kommunen, Vereine und anderen Institutionen und Unternehmen, begleiten wir arbeitslose Menschen und unterstützen sie bei der Integration in Arbeit oder Ausbildung. Die Angebote der Arbeitsförderung nach SGB II und SGB III werden hierbei im Rahmen unseres Vereinszweckes und unserer Möglichkeiten vorgehalten.</p>
<p><i>Auszug aus der Vereinssatzung:<br />Entsprechend unseres Vereinszweckes ergeben sich folgende Schwerpunkte:</i></p>
<p><i>&#8211; Förderung des Umwelt-, Landschafts- und Denkmalschutzes<br />&#8211; Förderung von Bildung und Erziehung<br />&#8211; Förderung der Heimatpflege und Heimatkunde<br />&#8211; Förderung der Jugendhilfe sowie der Unterstützung hilfebedürftiger Personen<br /></i></p>
<p><i>Der Satzungszweck wird insbesondere dadurch erfüllt, dass der Verein Einfluss auf die Erhaltung der Natur und Umwelt nimmt und die Errichtung und Erhaltung von Naturschutzgebieten sowie die Erhaltung von Denkmälern unterstützt.<br />In Zusammenarbeit mit den jeweiligen Ämtern werden Zielgruppen mit der Realisierung der Aufgaben entsprechend des Vereinszweckes betraut und angeleitet.</i></p>
<p><em>Der Verein verfolgt ausschließlich und unmittelbar gemeinnützige Zwecke.</em></p>
<p>Wir sind zertifiziert nach AZAV</p>
<p><a href="http://arbeitsinitiative-letschin.de/wp-content/uploads/2024/03/Leitbild_A3_AIL_01.01.22.pdf" target="_blank" rel="noopener">Leitbild</a></p>
<p><a href="http://arbeitsinitiative-letschin.de/wp-content/uploads/2020/11/Trägerzertifikat_14.07.20_19.03.25.pdf">Trägerzertifikat der AILetschin</a></p>
<p> </p>


<figure class="wp-block-image size-full is-resized"><img loading="lazy" decoding="async" width="600" height="299" src="http://arbeitsinitiative-letschin.de/wp-content/uploads/2025/03/AZAV_Traeger_farbe_de.gif" alt="" class="wp-image-1197" style="width:247px;height:auto"/></figure>



<p></p>

<p>Die Arbeitsinitiative Letschin e.V. wurde 1990 gegründet. Seit dieser Zeit hat sich die Arbeit des Vereins stetig entwickelt. Als Partner der Agentur für Arbeit, des Jobcenters Märkisch-Oderland, des Landkreises Märkisch-Oderland&#8230; <a href="http://arbeitsinitiative-letschin.de/?page_id=13">Read more &raquo;</a></p>
