{"id":15,"date":"2016-09-13T13:06:40","date_gmt":"2016-09-13T13:06:40","guid":{"rendered":"http:\/\/arbeitsinitiative-letschin.de\/?page_id=15"},"modified":"2021-08-31T09:28:51","modified_gmt":"2021-08-31T07:28:51","slug":"projekte","status":"publish","type":"page","link":"http:\/\/arbeitsinitiative-letschin.de\/?page_id=15","title":{"rendered":"Unsere gef\u00f6rderten Projekte"},"content":{"rendered":"\n<div class=\"wp-block-image\"><figure class=\"aligncenter size-full\"><img loading=\"lazy\" decoding=\"async\" width=\"600\" height=\"432\" src=\"http:\/\/arbeitsinitiative-letschin.de\/wp-content\/uploads\/2016\/09\/Oderbruch-19.jpg\" alt=\"\" class=\"wp-image-41\" srcset=\"http:\/\/arbeitsinitiative-letschin.de\/wp-content\/uploads\/2016\/09\/Oderbruch-19.jpg 600w, http:\/\/arbeitsinitiative-letschin.de\/wp-content\/uploads\/2016\/09\/Oderbruch-19-300x216.jpg 300w\" sizes=\"auto, (max-width: 600px) 100vw, 600px\" \/><\/figure><\/div>\n\n\n<p>Im Rahmen unserer Arbeit beteiligen wir uns an verschiedenen Ausschreibungen oder setzen unterschiedliche Projekte mit unseren Partnern um. Hierf\u00fcr nutzen wir verschiedene M\u00f6glichkeiten der F\u00f6rderung.<\/p>\n<p>Wer mehr Informationen zu unseren aktuellen Projekten sucht, der findet diese hier auf unseren Projektseiten.<\/p>\n<p><strong>Aktuelle EU-gef\u00f6rderte Projekte:<\/strong><\/p>\n<p><a href=\"http:\/\/arbeitsinitiative-letschin.de\/?page_id=161\">IB-SEE<\/a><\/p>\n<p><a href=\"http:\/\/arbeitsinitiative-letschin.de\/?page_id=419\" target=\"_blank\" rel=\"noopener\">NGO<\/a><\/p>\n<p><a href=\"http:\/\/arbeitsinitiative-letschin.de\/?page_id=330\" target=\"_blank\" rel=\"noopener\">Hauptstadtroute EV2\/ R1<\/a><\/p>\n<p><\/p>\n<p><strong>Unsere kleinteiligen Projekte<\/strong><\/p>\n<p><img loading=\"lazy\" decoding=\"async\" class=\"alignnone size-medium wp-image-634\" src=\"http:\/\/arbeitsinitiative-letschin.de\/wp-content\/uploads\/2020\/11\/Logo-300x127.jpg\" alt=\"\" width=\"300\" height=\"127\" srcset=\"http:\/\/arbeitsinitiative-letschin.de\/wp-content\/uploads\/2020\/11\/Logo-300x127.jpg 300w, http:\/\/arbeitsinitiative-letschin.de\/wp-content\/uploads\/2020\/11\/Logo.jpg 450w\" sizes=\"auto, (max-width: 300px) 100vw, 300px\" \/><\/p>\n<p><em>F\u00f6rderung aus der Konzessionsabgabe Lotto des Ministeriums f\u00fcr Landwirtschaft, Umwelt und Klimaschutz des Landes Brandenburg :<\/em><\/p>\n<p><a href=\"http:\/\/arbeitsinitiative-letschin.de\/?page_id=633\">Aktionstag zur Neuanlage einer Streuobstwiese<\/a><\/p>\n<p><a href=\"http:\/\/arbeitsinitiative-letschin.de\/?page_id=638\">Gemeinsam f\u00fcr Klimaschutz und Biologische Vielfalt &#8211; Wir pflanzen eine Hecke<\/a><\/p>\n<p id=\"floatClearer_35129316\"><\/p>","protected":false},"excerpt":{"rendered":"<p>Im Rahmen unserer Arbeit beteiligen wir uns an verschiedenen Ausschreibungen oder setzen unterschiedliche Projekte mit unseren Partnern um. Hierf\u00fcr nutzen wir verschiedene M\u00f6glichkeiten der F\u00f6rderung. Wer mehr Informationen zu unseren&#8230; <a href=\"http:\/\/arbeitsinitiative-letschin.de\/?page_id=15\">Read more &raquo;<\/a><\/p>\n","protected":false},"author":1,"featured_media":0,"parent":0,"menu_order":0,"comment_status":"closed","ping_status":"closed","template":"","meta":{"footnotes":""},"class_list":["post-15","page","type-page","status-publish","hentry"],"_links":{"self":[{"href":"http:\/\/arbeitsinitiative-letschin.de\/index.php?rest_route=\/wp\/v2\/pages\/15","targetHints":{"allow":["GET"]}}],"collection":[{"href":"http:\/\/arbeitsinitiative-letschin.de\/index.php?rest_route=\/wp\/v2\/pages"}],"about":[{"href":"http:\/\/arbeitsinitiative-letschin.de\/index.php?rest_route=\/wp\/v2\/types\/page"}],"author":[{"embeddable":true,"href":"http:\/\/arbeitsinitiative-letschin.de\/index.php?rest_route=\/wp\/v2\/users\/1"}],"replies":[{"embeddable":true,"href":"http:\/\/arbeitsinitiative-letschin.de\/index.php?rest_route=%2Fwp%2Fv2%2Fcomments&post=15"}],"version-history":[{"count":13,"href":"http:\/\/arbeitsinitiative-letschin.de\/index.php?rest_route=\/wp\/v2\/pages\/15\/revisions"}],"predecessor-version":[{"id":968,"href":"http:\/\/arbeitsinitiative-letschin.de\/index.php?rest_route=\/wp\/v2\/pages\/15\/revisions\/968"}],"wp:attachment":[{"href":"http:\/\/arbeitsinitiative-letschin.de\/index.php?rest_route=%2Fwp%2Fv2%2Fmedia&parent=15"}],"curies":[{"name":"wp","href":"https:\/\/api.w.org\/{rel}","templated":true}]}}

Unsere geförderten Projekte

<div class="wp-block-image"><figure class="aligncenter size-full"><img loading="lazy" decoding="async" width="600" height="432" src="http://arbeitsinitiative-letschin.de/wp-content/uploads/2016/09/Oderbruch-19.jpg" alt="" class="wp-image-41" srcset="http://arbeitsinitiative-letschin.de/wp-content/uploads/2016/09/Oderbruch-19.jpg 600w, http://arbeitsinitiative-letschin.de/wp-content/uploads/2016/09/Oderbruch-19-300x216.jpg 300w" sizes="auto, (max-width: 600px) 100vw, 600px" /></figure></div>


<p>Im Rahmen unserer Arbeit beteiligen wir uns an verschiedenen Ausschreibungen oder setzen unterschiedliche Projekte mit unseren Partnern um. Hierfür nutzen wir verschiedene Möglichkeiten der Förderung.</p>
<p>Wer mehr Informationen zu unseren aktuellen Projekten sucht, der findet diese hier auf unseren Projektseiten.</p>
<p><strong>Aktuelle EU-geförderte Projekte:</strong></p>
<p><a href="http://arbeitsinitiative-letschin.de/?page_id=161">IB-SEE</a></p>
<p><a href="http://arbeitsinitiative-letschin.de/?page_id=419" target="_blank" rel="noopener">NGO</a></p>
<p><a href="http://arbeitsinitiative-letschin.de/?page_id=330" target="_blank" rel="noopener">Hauptstadtroute EV2/ R1</a></p>
<p></p>
<p><strong>Unsere kleinteiligen Projekte</strong></p>
<p><img loading="lazy" decoding="async" class="alignnone size-medium wp-image-634" src="http://arbeitsinitiative-letschin.de/wp-content/uploads/2020/11/Logo-300x127.jpg" alt="" width="300" height="127" srcset="http://arbeitsinitiative-letschin.de/wp-content/uploads/2020/11/Logo-300x127.jpg 300w, http://arbeitsinitiative-letschin.de/wp-content/uploads/2020/11/Logo.jpg 450w" sizes="auto, (max-width: 300px) 100vw, 300px" /></p>
<p><em>Förderung aus der Konzessionsabgabe Lotto des Ministeriums für Landwirtschaft, Umwelt und Klimaschutz des Landes Brandenburg :</em></p>
<p><a href="http://arbeitsinitiative-letschin.de/?page_id=633">Aktionstag zur Neuanlage einer Streuobstwiese</a></p>
<p><a href="http://arbeitsinitiative-letschin.de/?page_id=638">Gemeinsam für Klimaschutz und Biologische Vielfalt &#8211; Wir pflanzen eine Hecke</a></p>
<p id="floatClearer_35129316"></p>

<p>Im Rahmen unserer Arbeit beteiligen wir uns an verschiedenen Ausschreibungen oder setzen unterschiedliche Projekte mit unseren Partnern um. Hierfür nutzen wir verschiedene Möglichkeiten der Förderung. Wer mehr Informationen zu unseren&#8230; <a href="http://arbeitsinitiative-letschin.de/?page_id=15">Read more &raquo;</a></p>
