{"id":276,"date":"2018-03-16T11:56:41","date_gmt":"2018-03-16T09:56:41","guid":{"rendered":"http:\/\/arbeitsinitiative-letschin.de\/?page_id=276"},"modified":"2022-03-09T11:20:40","modified_gmt":"2022-03-09T09:20:40","slug":"sozialbetrieb","status":"publish","type":"page","link":"http:\/\/arbeitsinitiative-letschin.de\/?page_id=276","title":{"rendered":"Sozialbetrieb"},"content":{"rendered":"<p>Mit der Gr\u00fcndung eines Sozialbetriebes im<strong> Jahr 2015<\/strong>,\u00a0haben wir uns entschieden, <strong>neue L\u00f6sungen f\u00fcr die langfristige Entwicklung und Integration<\/strong> von Langzeitarbeitslosen im Landkreis M\u00e4rkisch-Oderland zu entwickeln und umzusetzen. Unser systemischer Ansatz beinhaltet die Langzeitarbeitslosen im Kontext zwischen K\u00f6nnen und Wollen wieder an den regul\u00e4ren Arbeitsmarkt heranzuf\u00fchren.<\/p>\n<p><strong>Einsatzfelder<\/strong><\/p>\n<p><em>\u00f6kologisch, kommunaler Service\u00a0\u00a0\u00a0\u00a0\u00a0\u00a0\u00a0\u00a0\u00a0<\/em><\/p>\n<ul>\n<li>Dienstleistungsangebote f\u00fcr Kommunen<\/li>\n<li>Mitwirkung im Umwelt- und Naturschutz<\/li>\n<li>Gestaltung von Gr\u00fcnfl\u00e4chen<\/li>\n<\/ul>\n<p><em>haushaltsnahe Dienstleistungen<\/em><\/p>\n<ul>\n<li>Wirtschaftsh\u00f6fe<\/li>\n<li>Privathaushalte und -g\u00e4rten<\/li>\n<li>Facility Management<\/li>\n<\/ul>\n<p><em>Reinigungsservice in verschiedenen Bereichen\u00a0<\/em><\/p>\n<p><strong>Ansprechpartner vor Ort:<\/strong><\/p>\n<p>Fachliche Anleiterin: Frau Kowalzik<\/p>\n<p>Telefon: 033475 50961<\/p>\n<p>Mail: arbeitsinitiative-letschin@t-online.de<\/p>\n<p><a href=\"http:\/\/arbeitsinitiative-letschin.de\/wp-content\/uploads\/2022\/03\/SoBe-MOL-20220302-homepage.png\" target=\"_blank\" rel=\"noopener\"><span style=\"color: #0066cc;\"><strong>Flyer Sozialbetrieb<\/strong><\/span><\/a><\/p>\n<p><img loading=\"lazy\" decoding=\"async\" class=\"alignnone wp-image-828 \" src=\"http:\/\/arbeitsinitiative-letschin.de\/wp-content\/uploads\/2021\/11\/Logo_SoBe_Internet-300x76.jpg\" alt=\"\" width=\"750\" height=\"190\" srcset=\"http:\/\/arbeitsinitiative-letschin.de\/wp-content\/uploads\/2021\/11\/Logo_SoBe_Internet-300x76.jpg 300w, http:\/\/arbeitsinitiative-letschin.de\/wp-content\/uploads\/2021\/11\/Logo_SoBe_Internet.jpg 500w\" sizes=\"auto, (max-width: 750px) 100vw, 750px\" \/><\/p>\n<p>EU-F\u00f6rderung: 01.03.2018 bis 31.12.2020<\/p>\n<p>Dieses Projekt wurde zeitweise mit Mitteln des Landes Brandenburg gef\u00f6rdert.<\/p>\n<p>Weiter Information finden Sie unter:<\/p>\n<p><a href=\"http:\/\/www.ec.europa.eu\/\" target=\"_blank\" rel=\"noopener\">www.ec.europa.eu<\/a><\/p>\n<p><a href=\"http:\/\/www.esf.brandenburg.de\/\" target=\"_blank\" rel=\"noopener\">www.esf.brandenburg.de<\/a><\/p>\n<p><a href=\"https:\/\/eler.brandenburg.de\/eler\/de\/start\/\" target=\"_blank\" rel=\"noopener\">www.eler.brandenburg.de<\/a><\/p>\n","protected":false},"excerpt":{"rendered":"<p>Mit der Gr\u00fcndung eines Sozialbetriebes im Jahr 2015,\u00a0haben wir uns entschieden, neue L\u00f6sungen f\u00fcr die langfristige Entwicklung und Integration von Langzeitarbeitslosen im Landkreis M\u00e4rkisch-Oderland zu entwickeln und umzusetzen. Unser systemischer&#8230; <a href=\"http:\/\/arbeitsinitiative-letschin.de\/?page_id=276\">Read more &raquo;<\/a><\/p>\n","protected":false},"author":3,"featured_media":0,"parent":0,"menu_order":0,"comment_status":"closed","ping_status":"closed","template":"","meta":{"footnotes":""},"class_list":["post-276","page","type-page","status-publish","hentry"],"_links":{"self":[{"href":"http:\/\/arbeitsinitiative-letschin.de\/index.php?rest_route=\/wp\/v2\/pages\/276","targetHints":{"allow":["GET"]}}],"collection":[{"href":"http:\/\/arbeitsinitiative-letschin.de\/index.php?rest_route=\/wp\/v2\/pages"}],"about":[{"href":"http:\/\/arbeitsinitiative-letschin.de\/index.php?rest_route=\/wp\/v2\/types\/page"}],"author":[{"embeddable":true,"href":"http:\/\/arbeitsinitiative-letschin.de\/index.php?rest_route=\/wp\/v2\/users\/3"}],"replies":[{"embeddable":true,"href":"http:\/\/arbeitsinitiative-letschin.de\/index.php?rest_route=%2Fwp%2Fv2%2Fcomments&post=276"}],"version-history":[{"count":31,"href":"http:\/\/arbeitsinitiative-letschin.de\/index.php?rest_route=\/wp\/v2\/pages\/276\/revisions"}],"predecessor-version":[{"id":896,"href":"http:\/\/arbeitsinitiative-letschin.de\/index.php?rest_route=\/wp\/v2\/pages\/276\/revisions\/896"}],"wp:attachment":[{"href":"http:\/\/arbeitsinitiative-letschin.de\/index.php?rest_route=%2Fwp%2Fv2%2Fmedia&parent=276"}],"curies":[{"name":"wp","href":"https:\/\/api.w.org\/{rel}","templated":true}]}}

<p>Mit der Gründung eines Sozialbetriebes im<strong> Jahr 2015</strong>, haben wir uns entschieden, <strong>neue Lösungen für die langfristige Entwicklung und Integration</strong> von Langzeitarbeitslosen im Landkreis Märkisch-Oderland zu entwickeln und umzusetzen. Unser systemischer Ansatz beinhaltet die Langzeitarbeitslosen im Kontext zwischen Können und Wollen wieder an den regulären Arbeitsmarkt heranzuführen.</p>
<p><strong>Einsatzfelder</strong></p>
<p><em>ökologisch, kommunaler Service         </em></p>
<ul>
<li>Dienstleistungsangebote für Kommunen</li>
<li>Mitwirkung im Umwelt- und Naturschutz</li>
<li>Gestaltung von Grünflächen</li>
</ul>
<p><em>haushaltsnahe Dienstleistungen</em></p>
<ul>
<li>Wirtschaftshöfe</li>
<li>Privathaushalte und -gärten</li>
<li>Facility Management</li>
</ul>
<p><em>Reinigungsservice in verschiedenen Bereichen </em></p>
<p><strong>Ansprechpartner vor Ort:</strong></p>
<p>Fachliche Anleiterin: Frau Kowalzik</p>
<p>Telefon: 033475 50961</p>
<p>Mail: arbeitsinitiative-letschin@t-online.de</p>
<p><a href="http://arbeitsinitiative-letschin.de/wp-content/uploads/2022/03/SoBe-MOL-20220302-homepage.png" target="_blank" rel="noopener"><span style="color: #0066cc;"><strong>Flyer Sozialbetrieb</strong></span></a></p>
<p><img loading="lazy" decoding="async" class="alignnone wp-image-828 " src="http://arbeitsinitiative-letschin.de/wp-content/uploads/2021/11/Logo_SoBe_Internet-300x76.jpg" alt="" width="750" height="190" srcset="http://arbeitsinitiative-letschin.de/wp-content/uploads/2021/11/Logo_SoBe_Internet-300x76.jpg 300w, http://arbeitsinitiative-letschin.de/wp-content/uploads/2021/11/Logo_SoBe_Internet.jpg 500w" sizes="auto, (max-width: 750px) 100vw, 750px" /></p>
<p>EU-Förderung: 01.03.2018 bis 31.12.2020</p>
<p>Dieses Projekt wurde zeitweise mit Mitteln des Landes Brandenburg gefördert.</p>
<p>Weiter Information finden Sie unter:</p>
<p><a href="http://www.ec.europa.eu/" target="_blank" rel="noopener">www.ec.europa.eu</a></p>
<p><a href="http://www.esf.brandenburg.de/" target="_blank" rel="noopener">www.esf.brandenburg.de</a></p>
<p><a href="https://eler.brandenburg.de/eler/de/start/" target="_blank" rel="noopener">www.eler.brandenburg.de</a></p>

<p>Mit der Gründung eines Sozialbetriebes im Jahr 2015, haben wir uns entschieden, neue Lösungen für die langfristige Entwicklung und Integration von Langzeitarbeitslosen im Landkreis Märkisch-Oderland zu entwickeln und umzusetzen. Unser systemischer&#8230; <a href="http://arbeitsinitiative-letschin.de/?page_id=276">Read more &raquo;</a></p>
