{"id":291,"date":"2018-09-14T13:08:49","date_gmt":"2018-09-14T11:08:49","guid":{"rendered":"http:\/\/arbeitsinitiative-letschin.de\/?page_id=291"},"modified":"2023-03-07T09:16:57","modified_gmt":"2023-03-07T07:16:57","slug":"fbw","status":"publish","type":"page","link":"http:\/\/arbeitsinitiative-letschin.de\/?page_id=291","title":{"rendered":"FbW"},"content":{"rendered":"<p>Ma\u00dfnahmen mit einem Bildungsgutschein sind nach AZAV gepr\u00fcft und zugelassen. Die Vermittlungsfachkr\u00e4fte der Agentur f\u00fcr Arbeit und des Jobcenters stellen interessierten Arbeitslosen oder Arbeitsuchenden einen Bildungsgutschein aus, der durch uns realisiert wird.<\/p>\n<p>Wir bieten z.Zt. folgende zugelassene Ma\u00dfnahmen an:<br \/>\n(die Dauer wird in Unterrichtseinheiten (UE) mit je 45 min angegeben)<\/p>\n<p><strong><a href=\"http:\/\/arbeitsinitiative-letschin.de\/wp-content\/uploads\/2023\/03\/Motorkettensaegenschein_ModulA-20221108-w.pdf\" target=\"_blank\" rel=\"noopener\">Motorkettens\u00e4genschein Modul A<\/a> <\/strong>&#8211; Gruppenma\u00dfnahme, Dauer 4 Tage, 32 UE<\/p>\n<p>Weitere Informationen erhalten Sie bei der Arbeitsinitiativere Letschin e.V. und\u00a0\u00fcber die Mitarbeiter in der Agentur f\u00fcr Arbeit oder im Jobcenter. Bei Interesse k\u00f6nnen Sie per Klick auf die Ma\u00dfnahme den aktuellen Flyer herunterladen.<\/p>\n","protected":false},"excerpt":{"rendered":"<p>Ma\u00dfnahmen mit einem Bildungsgutschein sind nach AZAV gepr\u00fcft und zugelassen. Die Vermittlungsfachkr\u00e4fte der Agentur f\u00fcr Arbeit und des Jobcenters stellen interessierten Arbeitslosen oder Arbeitsuchenden einen Bildungsgutschein aus, der durch uns&#8230; <a href=\"http:\/\/arbeitsinitiative-letschin.de\/?page_id=291\">Read more &raquo;<\/a><\/p>\n","protected":false},"author":1,"featured_media":0,"parent":764,"menu_order":0,"comment_status":"closed","ping_status":"closed","template":"","meta":{"footnotes":""},"class_list":["post-291","page","type-page","status-publish","hentry"],"_links":{"self":[{"href":"http:\/\/arbeitsinitiative-letschin.de\/index.php?rest_route=\/wp\/v2\/pages\/291","targetHints":{"allow":["GET"]}}],"collection":[{"href":"http:\/\/arbeitsinitiative-letschin.de\/index.php?rest_route=\/wp\/v2\/pages"}],"about":[{"href":"http:\/\/arbeitsinitiative-letschin.de\/index.php?rest_route=\/wp\/v2\/types\/page"}],"author":[{"embeddable":true,"href":"http:\/\/arbeitsinitiative-letschin.de\/index.php?rest_route=\/wp\/v2\/users\/1"}],"replies":[{"embeddable":true,"href":"http:\/\/arbeitsinitiative-letschin.de\/index.php?rest_route=%2Fwp%2Fv2%2Fcomments&post=291"}],"version-history":[{"count":18,"href":"http:\/\/arbeitsinitiative-letschin.de\/index.php?rest_route=\/wp\/v2\/pages\/291\/revisions"}],"predecessor-version":[{"id":1021,"href":"http:\/\/arbeitsinitiative-letschin.de\/index.php?rest_route=\/wp\/v2\/pages\/291\/revisions\/1021"}],"up":[{"embeddable":true,"href":"http:\/\/arbeitsinitiative-letschin.de\/index.php?rest_route=\/wp\/v2\/pages\/764"}],"wp:attachment":[{"href":"http:\/\/arbeitsinitiative-letschin.de\/index.php?rest_route=%2Fwp%2Fv2%2Fmedia&parent=291"}],"curies":[{"name":"wp","href":"https:\/\/api.w.org\/{rel}","templated":true}]}}