{"id":330,"date":"2018-12-03T09:33:34","date_gmt":"2018-12-03T07:33:34","guid":{"rendered":"http:\/\/arbeitsinitiative-letschin.de\/?page_id=330"},"modified":"2023-06-05T13:10:08","modified_gmt":"2023-06-05T11:10:08","slug":"hauptstadt-route-ev2r1","status":"publish","type":"page","link":"http:\/\/arbeitsinitiative-letschin.de\/?page_id=330","title":{"rendered":"Hauptstadt-Route EV2\/R1"},"content":{"rendered":"<p><img loading=\"lazy\" decoding=\"async\" class=\"alignnone size-full wp-image-341\" src=\"http:\/\/arbeitsinitiative-letschin.de\/wp-content\/uploads\/2018\/12\/LOGO_R1_komplett.jpg\" alt=\"\" width=\"1248\" height=\"238\" srcset=\"http:\/\/arbeitsinitiative-letschin.de\/wp-content\/uploads\/2018\/12\/LOGO_R1_komplett.jpg 1248w, http:\/\/arbeitsinitiative-letschin.de\/wp-content\/uploads\/2018\/12\/LOGO_R1_komplett-300x57.jpg 300w, http:\/\/arbeitsinitiative-letschin.de\/wp-content\/uploads\/2018\/12\/LOGO_R1_komplett-768x146.jpg 768w, http:\/\/arbeitsinitiative-letschin.de\/wp-content\/uploads\/2018\/12\/LOGO_R1_komplett-1024x195.jpg 1024w, http:\/\/arbeitsinitiative-letschin.de\/wp-content\/uploads\/2018\/12\/LOGO_R1_komplett-624x119.jpg 624w\" sizes=\"auto, (max-width: 1248px) 100vw, 1248px\" \/><\/p>\n<p>Durchf\u00fchrungszeitraum: 01.10.2017 bis 31.12.2023<\/p>\n<p><strong>Priorit\u00e4tsachse I<\/strong> Gemeinsamer Erhalt und Nutzung des Natur- und Kulturerbes<\/p>\n<p><strong>Ziel 1<\/strong> Steigerung der Erlebbarkeit des grenz\u00fcbergreifenden gemeinsamen Natur- und Kulturerbes<\/p>\n<p>Der Europaradweg EV2\/R1 ist ein wichtiger Haupterschlie\u00dfungsweg f\u00fcr den Fahrradtourismus in 7 europ\u00e4ischen Staaten und somit auch ein Aush\u00e4ngeschild f\u00fcr das touristische Niveau in den einzelnen L\u00e4ndern.<\/p>\n<p>Ziel des Projektes ist die Entwicklung und Verkn\u00fcpfung des Radweges &#8222;Hauptstadt-Route EV2\/R1&#8220; im gemeinsamen F\u00f6rdergebiet sowie die Verbreitung, Erstellung und Konsolidierung von mehrsprachigen Tourismusangeboten und deren Vermarktung. Das Projekt tr\u00e4gt dadurch zur Verbesserung der grenz\u00fcberschreitenden Infrastruktur, insbesondere des Radwegenetzes als eine wichtige Voraussetzung f\u00fcr die grenz\u00fcbergreifende Zusammenarbeit und Begegnungen bei.<\/p>\n<p>Als <strong>Projektpartner des Landkreises M\u00e4rkisch-Oderland<\/strong> ist die Arbeitsinitiative Letschin e.V. f\u00fcr die Erstellung der Datenbank mit folgenden Punkten&nbsp;zust\u00e4ndig<\/p>\n<ul>\n<li>Schaffung konzeptioneller Grundlagen zur Etablierung eines Besucher- Informationssystems; Vorschl\u00e4ge f\u00fcr Infotafeln und Ortseingangstafeln; Aktualisierung des Besucherleitsystems mit konzeptionellen Grundlagen<\/li>\n<li>Zuarbeiten f\u00fcr die Darstellung der Hauptstadt-Route EV2\/R1 im Geoportal; Zuarbeiten f\u00fcr die Erstellung von Printprodukten; Nachbereitung, Zusammenfassung, Erg\u00e4nzung und Abschluss<\/li>\n<li>Teilnahme an Beratungen der DE-PL SG; \u00dcbergabe von Informationen an LP<\/li>\n<\/ul>\n<p>Standort 15324&nbsp;Letschin, Bahnhofstra\u00dfe 31<\/p>\n<p>Projektleiterin: Frau Thulke<\/p>\n<p><a href=\"http:\/\/arbeitsinitiative-letschin.de\/wp-content\/uploads\/2021\/12\/20181109-Hauptstadt-Route-EV2-1.pdf\" target=\"_blank\" rel=\"noopener\">Pr\u00e4sentation zur ersten Infoveranstaltung des Projektes<\/a><\/p>\n<p><\/p>\n<p><em><a href=\"https:\/\/www.moz.de\/lokales\/seelow\/europaradweg-neue-schilder-fuer-den-r1-in-maerkisch-oderland-50874755.html\" target=\"_blank\" rel=\"noopener\">MOZ-Artikel vom 05.08.2020<\/a><\/em><\/p>\n<p><a href=\"https:\/\/ec.europa.eu\/regional_policy\/de\/funding\/erdf\/\">https:\/\/ec.europa.eu\/regional_policy\/de\/funding\/erdf\/<\/a><\/p>\n<p><a href=\"http:\/\/www.europa.eu\/\">https:\/\/europa.eu\/<\/a><\/p>\n\n\n<p><\/p>\n","protected":false},"excerpt":{"rendered":"<p>Durchf\u00fchrungszeitraum: 01.10.2017 bis 31.12.2023 Priorit\u00e4tsachse I Gemeinsamer Erhalt und Nutzung des Natur- und Kulturerbes Ziel 1 Steigerung der Erlebbarkeit des grenz\u00fcbergreifenden gemeinsamen Natur- und Kulturerbes Der Europaradweg EV2\/R1 ist ein&#8230; <a href=\"http:\/\/arbeitsinitiative-letschin.de\/?page_id=330\">Read more &raquo;<\/a><\/p>\n","protected":false},"author":1,"featured_media":0,"parent":897,"menu_order":1,"comment_status":"closed","ping_status":"closed","template":"","meta":{"footnotes":""},"class_list":["post-330","page","type-page","status-publish","hentry"],"_links":{"self":[{"href":"http:\/\/arbeitsinitiative-letschin.de\/index.php?rest_route=\/wp\/v2\/pages\/330","targetHints":{"allow":["GET"]}}],"collection":[{"href":"http:\/\/arbeitsinitiative-letschin.de\/index.php?rest_route=\/wp\/v2\/pages"}],"about":[{"href":"http:\/\/arbeitsinitiative-letschin.de\/index.php?rest_route=\/wp\/v2\/types\/page"}],"author":[{"embeddable":true,"href":"http:\/\/arbeitsinitiative-letschin.de\/index.php?rest_route=\/wp\/v2\/users\/1"}],"replies":[{"embeddable":true,"href":"http:\/\/arbeitsinitiative-letschin.de\/index.php?rest_route=%2Fwp%2Fv2%2Fcomments&post=330"}],"version-history":[{"count":22,"href":"http:\/\/arbeitsinitiative-letschin.de\/index.php?rest_route=\/wp\/v2\/pages\/330\/revisions"}],"predecessor-version":[{"id":1042,"href":"http:\/\/arbeitsinitiative-letschin.de\/index.php?rest_route=\/wp\/v2\/pages\/330\/revisions\/1042"}],"up":[{"embeddable":true,"href":"http:\/\/arbeitsinitiative-letschin.de\/index.php?rest_route=\/wp\/v2\/pages\/897"}],"wp:attachment":[{"href":"http:\/\/arbeitsinitiative-letschin.de\/index.php?rest_route=%2Fwp%2Fv2%2Fmedia&parent=330"}],"curies":[{"name":"wp","href":"https:\/\/api.w.org\/{rel}","templated":true}]}}