{"id":419,"date":"2020-04-06T08:46:36","date_gmt":"2020-04-06T06:46:36","guid":{"rendered":"http:\/\/arbeitsinitiative-letschin.de\/?page_id=419"},"modified":"2023-06-05T13:10:42","modified_gmt":"2023-06-05T11:10:42","slug":"ngo","status":"publish","type":"page","link":"http:\/\/arbeitsinitiative-letschin.de\/?page_id=419","title":{"rendered":"NGO"},"content":{"rendered":"<p><img loading=\"lazy\" decoding=\"async\" class=\"wp-image-421 aligncenter\" src=\"http:\/\/arbeitsinitiative-letschin.de\/wp-content\/uploads\/2020\/04\/NGO.png\" alt=\"\" width=\"167\" height=\"119\" srcset=\"http:\/\/arbeitsinitiative-letschin.de\/wp-content\/uploads\/2020\/04\/NGO.png 905w, http:\/\/arbeitsinitiative-letschin.de\/wp-content\/uploads\/2020\/04\/NGO-300x213.png 300w, http:\/\/arbeitsinitiative-letschin.de\/wp-content\/uploads\/2020\/04\/NGO-768x547.png 768w, http:\/\/arbeitsinitiative-letschin.de\/wp-content\/uploads\/2020\/04\/NGO-624x444.png 624w\" sizes=\"auto, (max-width: 167px) 100vw, 167px\" \/><\/p>\n<p>Das Hauptziel des Projektes ist die Entwicklung der grenz\u00fcbergreifenden der Zusammenarbeit der Nichtregierungsorganisationen im deutsch-polnischen Grenzraum f\u00fcr Klimaschutz durch die Gr\u00fcndung des Netzwerkes und Sicherstellung der f\u00fcr NGO bestimmten Materialien, sowie des Services.<\/p>\n<p>Die erwarteten Projektresultate sind:<\/p>\n<p>*St\u00e4rkung der grenz\u00fcbergreifenden Zusammenarbeit NGO,<\/p>\n<p>*Intensivierung der Zusammenarbeit unter NGO, \u00f6ffentlichen Einrichtungen und Bev\u00f6lkerung<\/p>\n<p>*Sensibilisierung der Bev\u00f6lkerung der Region f\u00fcr Klimaschutz<\/p>\n<p>Im Rahmen des Projekts wird ein polnisch-deutsches NGO-Kooperationsnetzwerk aufgebaut und eine Strategie f\u00fcr die Zusammenarbeit zwischen den Organisationen im Netzwerk und der lokalen Regierung entwickelt.<\/p>\n<p>Dar\u00fcber hinaus werden u.a. umgesetzt: grenz\u00fcberschreitende NGO-Picknick-Messe, Publikationen f\u00fcr Netzwerkmitglieder, Lehrpfade und Wandmalereien zum Klimaschutz, Mikroklimaanpassungen, Kalender mit Veranstaltungen und Events im Grenzland, Open-Air-Ausstellungen und ein Film \u00fcber die Aktivit\u00e4ten des NGO-Sektors und den Klimaschutz, eine Open-Air-Veranstaltung unter dem Titel &#8222;Polnisch-deutsches Klimaschutz-Fest&#8220;, thematische Workshops mit Studienreisen und Publikationen f\u00fcr Bewohner und Unternehmer der Grenzregion zum Thema Klimaschutz.<\/p>\n<p>Projektdauer: 01.01.2020 \u2013 30.06.2022<\/p>\n<p>Projektwert: 543.531,32 \u20ac, Kofinanzierung aus der Europ\u00e4ischen Union: 85% EFRE<\/p>\n<p><em><strong><img loading=\"lazy\" decoding=\"async\" class=\"aligncenter size-full wp-image-468\" src=\"http:\/\/arbeitsinitiative-letschin.de\/wp-content\/uploads\/2020\/05\/Partner_NGO.jpg\" alt=\"\" width=\"726\" height=\"103\" srcset=\"http:\/\/arbeitsinitiative-letschin.de\/wp-content\/uploads\/2020\/05\/Partner_NGO.jpg 726w, http:\/\/arbeitsinitiative-letschin.de\/wp-content\/uploads\/2020\/05\/Partner_NGO-300x43.jpg 300w, http:\/\/arbeitsinitiative-letschin.de\/wp-content\/uploads\/2020\/05\/Partner_NGO-624x89.jpg 624w\" sizes=\"auto, (max-width: 726px) 100vw, 726px\" \/><\/strong><\/em><\/p>\n<p>FUNDACJA NATURA POLSKA&nbsp;&nbsp;&nbsp;&nbsp;&nbsp;&nbsp;&nbsp;&nbsp;&nbsp;&nbsp;&nbsp;&nbsp;&nbsp;&nbsp;&nbsp;&nbsp;&nbsp;&nbsp;&nbsp;&nbsp;&nbsp;&nbsp;&nbsp;&nbsp;&nbsp;&nbsp;&nbsp;&nbsp; Arbeitsinitative Letschin e.V.<\/p>\n<p><strong>Ansprechpartner:<\/strong><\/p>\n<p>Standort: 15306 Seelow,&nbsp;Berliner Stra\u00dfe 31 a<strong><br><\/strong>Projektansprechpartnerin: Frau Cor<br>Telefon:&nbsp;03346 2380884<br>Mail: arbeitsinitiative-letschin@t-online.de<\/p>\n<p><strong><a href=\"http:\/\/arbeitsinitiative-letschin.de\/wp-content\/uploads\/2020\/05\/Flyer-NGO-20200528.pdf\" target=\"_blank\" rel=\"noopener\">Flyer NGO<\/a><\/strong><\/p>\n<p><strong><a href=\"http:\/\/arbeitsinitiative-letschin.de\/wp-content\/uploads\/2022\/08\/Lehrpfaderoeffnungen.pdf\" target=\"_blank\" rel=\"noopener\">Mikroanpassung und Lehrpfader\u00f6ffnungen<\/a><\/strong><\/p>\n<p><a href=\"http:\/\/bb-pl-ngo.eu\/newsletter,22.html\" target=\"_blank\" rel=\"noopener\">Webseite NGO &#8211; Newsletter <\/a><\/p>\n<p><a href=\"http:\/\/arbeitsinitiative-letschin.de\/wp-content\/uploads\/2020\/08\/Beitrittserkl\u00e4rung.doc\">Beitrittserkl\u00e4rung<\/a><\/p>\n<p><a href=\"http:\/\/arbeitsinitiative-letschin.de\/wp-content\/uploads\/2020\/08\/fragebogen.pdf\">Fragebogen<\/a><\/p>\n<p><img loading=\"lazy\" decoding=\"async\" class=\"alignnone size-full wp-image-420\" src=\"http:\/\/arbeitsinitiative-letschin.de\/wp-content\/uploads\/2020\/04\/Logo_Kombi_Kolor_Farbe.jpg\" alt=\"\" width=\"2328\" height=\"298\" srcset=\"http:\/\/arbeitsinitiative-letschin.de\/wp-content\/uploads\/2020\/04\/Logo_Kombi_Kolor_Farbe.jpg 2328w, http:\/\/arbeitsinitiative-letschin.de\/wp-content\/uploads\/2020\/04\/Logo_Kombi_Kolor_Farbe-300x38.jpg 300w, http:\/\/arbeitsinitiative-letschin.de\/wp-content\/uploads\/2020\/04\/Logo_Kombi_Kolor_Farbe-768x98.jpg 768w, http:\/\/arbeitsinitiative-letschin.de\/wp-content\/uploads\/2020\/04\/Logo_Kombi_Kolor_Farbe-1024x131.jpg 1024w, http:\/\/arbeitsinitiative-letschin.de\/wp-content\/uploads\/2020\/04\/Logo_Kombi_Kolor_Farbe-624x80.jpg 624w\" sizes=\"auto, (max-width: 2328px) 100vw, 2328px\" \/><\/p>\n\n\n<p><\/p>\n","protected":false},"excerpt":{"rendered":"<p>Das Hauptziel des Projektes ist die Entwicklung der grenz\u00fcbergreifenden der Zusammenarbeit der Nichtregierungsorganisationen im deutsch-polnischen Grenzraum f\u00fcr Klimaschutz durch die Gr\u00fcndung des Netzwerkes und Sicherstellung der f\u00fcr NGO bestimmten Materialien,&#8230; <a href=\"http:\/\/arbeitsinitiative-letschin.de\/?page_id=419\">Read more &raquo;<\/a><\/p>\n","protected":false},"author":1,"featured_media":0,"parent":897,"menu_order":2,"comment_status":"closed","ping_status":"closed","template":"","meta":{"footnotes":""},"class_list":["post-419","page","type-page","status-publish","hentry"],"_links":{"self":[{"href":"http:\/\/arbeitsinitiative-letschin.de\/index.php?rest_route=\/wp\/v2\/pages\/419","targetHints":{"allow":["GET"]}}],"collection":[{"href":"http:\/\/arbeitsinitiative-letschin.de\/index.php?rest_route=\/wp\/v2\/pages"}],"about":[{"href":"http:\/\/arbeitsinitiative-letschin.de\/index.php?rest_route=\/wp\/v2\/types\/page"}],"author":[{"embeddable":true,"href":"http:\/\/arbeitsinitiative-letschin.de\/index.php?rest_route=\/wp\/v2\/users\/1"}],"replies":[{"embeddable":true,"href":"http:\/\/arbeitsinitiative-letschin.de\/index.php?rest_route=%2Fwp%2Fv2%2Fcomments&post=419"}],"version-history":[{"count":17,"href":"http:\/\/arbeitsinitiative-letschin.de\/index.php?rest_route=\/wp\/v2\/pages\/419\/revisions"}],"predecessor-version":[{"id":1043,"href":"http:\/\/arbeitsinitiative-letschin.de\/index.php?rest_route=\/wp\/v2\/pages\/419\/revisions\/1043"}],"up":[{"embeddable":true,"href":"http:\/\/arbeitsinitiative-letschin.de\/index.php?rest_route=\/wp\/v2\/pages\/897"}],"wp:attachment":[{"href":"http:\/\/arbeitsinitiative-letschin.de\/index.php?rest_route=%2Fwp%2Fv2%2Fmedia&parent=419"}],"curies":[{"name":"wp","href":"https:\/\/api.w.org\/{rel}","templated":true}]}}

<p><img loading="lazy" decoding="async" class="wp-image-421 aligncenter" src="http://arbeitsinitiative-letschin.de/wp-content/uploads/2020/04/NGO.png" alt="" width="167" height="119" srcset="http://arbeitsinitiative-letschin.de/wp-content/uploads/2020/04/NGO.png 905w, http://arbeitsinitiative-letschin.de/wp-content/uploads/2020/04/NGO-300x213.png 300w, http://arbeitsinitiative-letschin.de/wp-content/uploads/2020/04/NGO-768x547.png 768w, http://arbeitsinitiative-letschin.de/wp-content/uploads/2020/04/NGO-624x444.png 624w" sizes="auto, (max-width: 167px) 100vw, 167px" /></p>
<p>Das Hauptziel des Projektes ist die Entwicklung der grenzübergreifenden der Zusammenarbeit der Nichtregierungsorganisationen im deutsch-polnischen Grenzraum für Klimaschutz durch die Gründung des Netzwerkes und Sicherstellung der für NGO bestimmten Materialien, sowie des Services.</p>
<p>Die erwarteten Projektresultate sind:</p>
<p>*Stärkung der grenzübergreifenden Zusammenarbeit NGO,</p>
<p>*Intensivierung der Zusammenarbeit unter NGO, öffentlichen Einrichtungen und Bevölkerung</p>
<p>*Sensibilisierung der Bevölkerung der Region für Klimaschutz</p>
<p>Im Rahmen des Projekts wird ein polnisch-deutsches NGO-Kooperationsnetzwerk aufgebaut und eine Strategie für die Zusammenarbeit zwischen den Organisationen im Netzwerk und der lokalen Regierung entwickelt.</p>
<p>Darüber hinaus werden u.a. umgesetzt: grenzüberschreitende NGO-Picknick-Messe, Publikationen für Netzwerkmitglieder, Lehrpfade und Wandmalereien zum Klimaschutz, Mikroklimaanpassungen, Kalender mit Veranstaltungen und Events im Grenzland, Open-Air-Ausstellungen und ein Film über die Aktivitäten des NGO-Sektors und den Klimaschutz, eine Open-Air-Veranstaltung unter dem Titel &#8222;Polnisch-deutsches Klimaschutz-Fest&#8220;, thematische Workshops mit Studienreisen und Publikationen für Bewohner und Unternehmer der Grenzregion zum Thema Klimaschutz.</p>
<p>Projektdauer: 01.01.2020 – 30.06.2022</p>
<p>Projektwert: 543.531,32 €, Kofinanzierung aus der Europäischen Union: 85% EFRE</p>
<p><em><strong><img loading="lazy" decoding="async" class="aligncenter size-full wp-image-468" src="http://arbeitsinitiative-letschin.de/wp-content/uploads/2020/05/Partner_NGO.jpg" alt="" width="726" height="103" srcset="http://arbeitsinitiative-letschin.de/wp-content/uploads/2020/05/Partner_NGO.jpg 726w, http://arbeitsinitiative-letschin.de/wp-content/uploads/2020/05/Partner_NGO-300x43.jpg 300w, http://arbeitsinitiative-letschin.de/wp-content/uploads/2020/05/Partner_NGO-624x89.jpg 624w" sizes="auto, (max-width: 726px) 100vw, 726px" /></strong></em></p>
<p>FUNDACJA NATURA POLSKA&nbsp;&nbsp;&nbsp;&nbsp;&nbsp;&nbsp;&nbsp;&nbsp;&nbsp;&nbsp;&nbsp;&nbsp;&nbsp;&nbsp;&nbsp;&nbsp;&nbsp;&nbsp;&nbsp;&nbsp;&nbsp;&nbsp;&nbsp;&nbsp;&nbsp;&nbsp;&nbsp;&nbsp; Arbeitsinitative Letschin e.V.</p>
<p><strong>Ansprechpartner:</strong></p>
<p>Standort: 15306 Seelow,&nbsp;Berliner Straße 31 a<strong><br></strong>Projektansprechpartnerin: Frau Cor<br>Telefon:&nbsp;03346 2380884<br>Mail: arbeitsinitiative-letschin@t-online.de</p>
<p><strong><a href="http://arbeitsinitiative-letschin.de/wp-content/uploads/2020/05/Flyer-NGO-20200528.pdf" target="_blank" rel="noopener">Flyer NGO</a></strong></p>
<p><strong><a href="http://arbeitsinitiative-letschin.de/wp-content/uploads/2022/08/Lehrpfaderoeffnungen.pdf" target="_blank" rel="noopener">Mikroanpassung und Lehrpfaderöffnungen</a></strong></p>
<p><a href="http://bb-pl-ngo.eu/newsletter,22.html" target="_blank" rel="noopener">Webseite NGO &#8211; Newsletter </a></p>
<p><a href="http://arbeitsinitiative-letschin.de/wp-content/uploads/2020/08/Beitrittserklärung.doc">Beitrittserklärung</a></p>
<p><a href="http://arbeitsinitiative-letschin.de/wp-content/uploads/2020/08/fragebogen.pdf">Fragebogen</a></p>
<p><img loading="lazy" decoding="async" class="alignnone size-full wp-image-420" src="http://arbeitsinitiative-letschin.de/wp-content/uploads/2020/04/Logo_Kombi_Kolor_Farbe.jpg" alt="" width="2328" height="298" srcset="http://arbeitsinitiative-letschin.de/wp-content/uploads/2020/04/Logo_Kombi_Kolor_Farbe.jpg 2328w, http://arbeitsinitiative-letschin.de/wp-content/uploads/2020/04/Logo_Kombi_Kolor_Farbe-300x38.jpg 300w, http://arbeitsinitiative-letschin.de/wp-content/uploads/2020/04/Logo_Kombi_Kolor_Farbe-768x98.jpg 768w, http://arbeitsinitiative-letschin.de/wp-content/uploads/2020/04/Logo_Kombi_Kolor_Farbe-1024x131.jpg 1024w, http://arbeitsinitiative-letschin.de/wp-content/uploads/2020/04/Logo_Kombi_Kolor_Farbe-624x80.jpg 624w" sizes="auto, (max-width: 2328px) 100vw, 2328px" /></p>


<p></p>

<p>Das Hauptziel des Projektes ist die Entwicklung der grenzübergreifenden der Zusammenarbeit der Nichtregierungsorganisationen im deutsch-polnischen Grenzraum für Klimaschutz durch die Gründung des Netzwerkes und Sicherstellung der für NGO bestimmten Materialien,&#8230; <a href="http://arbeitsinitiative-letschin.de/?page_id=419">Read more &raquo;</a></p>
