{"id":633,"date":"2020-11-26T12:17:34","date_gmt":"2020-11-26T10:17:34","guid":{"rendered":"http:\/\/arbeitsinitiative-letschin.de\/?page_id=633"},"modified":"2021-06-18T10:45:47","modified_gmt":"2021-06-18T08:45:47","slug":"aktionstag-zur-neuanlage-einer-streuobstwiese","status":"publish","type":"page","link":"http:\/\/arbeitsinitiative-letschin.de\/?page_id=633","title":{"rendered":"Aktionstag zur Neuanlage einer Streuobstwiese"},"content":{"rendered":"<p><img loading=\"lazy\" decoding=\"async\" class=\"size-medium wp-image-634 aligncenter\" src=\"http:\/\/arbeitsinitiative-letschin.de\/wp-content\/uploads\/2020\/11\/Logo-300x127.jpg\" alt=\"\" width=\"300\" height=\"127\" srcset=\"http:\/\/arbeitsinitiative-letschin.de\/wp-content\/uploads\/2020\/11\/Logo-300x127.jpg 300w, http:\/\/arbeitsinitiative-letschin.de\/wp-content\/uploads\/2020\/11\/Logo.jpg 450w\" sizes=\"auto, (max-width: 300px) 100vw, 300px\" \/><\/p>\n<p style=\"text-align: center;\"><strong>Was bewegt uns dieses\u00a0Projekt zu starten?<\/strong><\/p>\n<p>In unserer intensiven landwirtschaftlichen durch Monokulturen gepr\u00e4gten Umgebung finden Pflanzen und Tiere kaum noch geeignete Lebensr\u00e4ume. Auch in unserer Region sind die Streuobstwiesen fast vollst\u00e4ndig verschwunden und damit ein strukturreicher Lebensraum. Durch das Anlegen einer Streuobstwiese soll wieder ein Biotop f\u00fcr die unterschiedlichsten Wildpflanzenarten und Tierarten geschaffen werden und somit die Biodiversit\u00e4t gef\u00f6rdert werden. Perspektivisch wird die Streuobstwiese auch Lernort f\u00fcr weiterf\u00fchrende Projekte sein, um die Bev\u00f6lkerung, vom Kleinkind bis zum Senior, f\u00fcr die Thematik Natur und Umwelt sowie Arten- und Biotopschutz zu sensibilisieren und Wissen zu vermitteln sowie das Umweltbewusstsein zu f\u00f6rdern.<\/p>\n<p style=\"text-align: center;\"><strong>Wie soll das Projekt umgesetzt werden?<\/strong><\/p>\n<p>Bei der Pflanzaktion werden nicht nur Obstb\u00e4ume gepflanzt, es gibt auch viel Wissenswertes zu erfahren. Unter Beteiligung der verschiedenen Mitwirkenden (Kita, Schule, Vereine oder interessierte B\u00fcrger) erfolgt die Pflanzaktion. Begleitend gibt es Informationen zu den gepflanzten B\u00e4umen und Sorten und zur Thematik Streuobstwiese. Erfahrungen k\u00f6nnen ausgetauscht werden. Es wird eine Naturrallye zum Thema Obst und Streuobstwiese gestartet, um erlebnisorientiert Wissen auszutesten oder sich neues Wissen anzueignen. Die Pflanzaktion ist f\u00fcr alle Altersgruppen offen und tr\u00e4gt zur generations\u00fcbergreifenden Verst\u00e4ndigung bei.<\/p>\n<p style=\"text-align: center;\"><strong>Erfolgreiche Umsetzung unseres Projektes<\/strong><\/p>\n<p style=\"text-align: center;\"><a href=\"http:\/\/arbeitsinitiative-letschin.de\/wp-content\/uploads\/2021\/06\/Vorbereitungen_mitBildern.pdf\" target=\"_blank\" rel=\"noopener\">Impressionen der Aktionstage<\/a><\/p>\n<p>&nbsp;<\/p>\n<p>&nbsp;<\/p>\n<p><em>Mehr Informationen zum<span class=\"startklein\"> F\u00f6rderprogramm<\/span> <span class=\"aktionach\">Aktion Gesunde Umwelt<\/span> <span class=\"startklein\">und<\/span> <span class=\"aktiogesund\">Aktion Nachhaltige Entwicklung \u2013 Lokale Agenda 21<\/span> <span class=\"startklein\">in Brandenburg finden sie hier: <a href=\"http:\/\/aktion-brandenburg.de\/\" target=\"_blank\" rel=\"noopener\">http:\/\/aktion-brandenburg.de\/<\/a><\/span><\/em><\/p>\n<p>&nbsp;<\/p>\n","protected":false},"excerpt":{"rendered":"<p>Was bewegt uns dieses\u00a0Projekt zu starten? In unserer intensiven landwirtschaftlichen durch Monokulturen gepr\u00e4gten Umgebung finden Pflanzen und Tiere kaum noch geeignete Lebensr\u00e4ume. Auch in unserer Region sind die Streuobstwiesen fast&#8230; <a href=\"http:\/\/arbeitsinitiative-letschin.de\/?page_id=633\">Read more &raquo;<\/a><\/p>\n","protected":false},"author":3,"featured_media":0,"parent":15,"menu_order":0,"comment_status":"closed","ping_status":"closed","template":"","meta":{"footnotes":""},"class_list":["post-633","page","type-page","status-publish","hentry"],"_links":{"self":[{"href":"http:\/\/arbeitsinitiative-letschin.de\/index.php?rest_route=\/wp\/v2\/pages\/633","targetHints":{"allow":["GET"]}}],"collection":[{"href":"http:\/\/arbeitsinitiative-letschin.de\/index.php?rest_route=\/wp\/v2\/pages"}],"about":[{"href":"http:\/\/arbeitsinitiative-letschin.de\/index.php?rest_route=\/wp\/v2\/types\/page"}],"author":[{"embeddable":true,"href":"http:\/\/arbeitsinitiative-letschin.de\/index.php?rest_route=\/wp\/v2\/users\/3"}],"replies":[{"embeddable":true,"href":"http:\/\/arbeitsinitiative-letschin.de\/index.php?rest_route=%2Fwp%2Fv2%2Fcomments&post=633"}],"version-history":[{"count":7,"href":"http:\/\/arbeitsinitiative-letschin.de\/index.php?rest_route=\/wp\/v2\/pages\/633\/revisions"}],"predecessor-version":[{"id":1038,"href":"http:\/\/arbeitsinitiative-letschin.de\/index.php?rest_route=\/wp\/v2\/pages\/633\/revisions\/1038"}],"up":[{"embeddable":true,"href":"http:\/\/arbeitsinitiative-letschin.de\/index.php?rest_route=\/wp\/v2\/pages\/15"}],"wp:attachment":[{"href":"http:\/\/arbeitsinitiative-letschin.de\/index.php?rest_route=%2Fwp%2Fv2%2Fmedia&parent=633"}],"curies":[{"name":"wp","href":"https:\/\/api.w.org\/{rel}","templated":true}]}}

<p><img loading="lazy" decoding="async" class="size-medium wp-image-634 aligncenter" src="http://arbeitsinitiative-letschin.de/wp-content/uploads/2020/11/Logo-300x127.jpg" alt="" width="300" height="127" srcset="http://arbeitsinitiative-letschin.de/wp-content/uploads/2020/11/Logo-300x127.jpg 300w, http://arbeitsinitiative-letschin.de/wp-content/uploads/2020/11/Logo.jpg 450w" sizes="auto, (max-width: 300px) 100vw, 300px" /></p>
<p style="text-align: center;"><strong>Was bewegt uns dieses Projekt zu starten?</strong></p>
<p>In unserer intensiven landwirtschaftlichen durch Monokulturen geprägten Umgebung finden Pflanzen und Tiere kaum noch geeignete Lebensräume. Auch in unserer Region sind die Streuobstwiesen fast vollständig verschwunden und damit ein strukturreicher Lebensraum. Durch das Anlegen einer Streuobstwiese soll wieder ein Biotop für die unterschiedlichsten Wildpflanzenarten und Tierarten geschaffen werden und somit die Biodiversität gefördert werden. Perspektivisch wird die Streuobstwiese auch Lernort für weiterführende Projekte sein, um die Bevölkerung, vom Kleinkind bis zum Senior, für die Thematik Natur und Umwelt sowie Arten- und Biotopschutz zu sensibilisieren und Wissen zu vermitteln sowie das Umweltbewusstsein zu fördern.</p>
<p style="text-align: center;"><strong>Wie soll das Projekt umgesetzt werden?</strong></p>
<p>Bei der Pflanzaktion werden nicht nur Obstbäume gepflanzt, es gibt auch viel Wissenswertes zu erfahren. Unter Beteiligung der verschiedenen Mitwirkenden (Kita, Schule, Vereine oder interessierte Bürger) erfolgt die Pflanzaktion. Begleitend gibt es Informationen zu den gepflanzten Bäumen und Sorten und zur Thematik Streuobstwiese. Erfahrungen können ausgetauscht werden. Es wird eine Naturrallye zum Thema Obst und Streuobstwiese gestartet, um erlebnisorientiert Wissen auszutesten oder sich neues Wissen anzueignen. Die Pflanzaktion ist für alle Altersgruppen offen und trägt zur generationsübergreifenden Verständigung bei.</p>
<p style="text-align: center;"><strong>Erfolgreiche Umsetzung unseres Projektes</strong></p>
<p style="text-align: center;"><a href="http://arbeitsinitiative-letschin.de/wp-content/uploads/2021/06/Vorbereitungen_mitBildern.pdf" target="_blank" rel="noopener">Impressionen der Aktionstage</a></p>
<p>&nbsp;</p>
<p>&nbsp;</p>
<p><em>Mehr Informationen zum<span class="startklein"> Förderprogramm</span> <span class="aktionach">Aktion Gesunde Umwelt</span> <span class="startklein">und</span> <span class="aktiogesund">Aktion Nachhaltige Entwicklung – Lokale Agenda 21</span> <span class="startklein">in Brandenburg finden sie hier: <a href="http://aktion-brandenburg.de/" target="_blank" rel="noopener">http://aktion-brandenburg.de/</a></span></em></p>
<p>&nbsp;</p>

<p>Was bewegt uns dieses Projekt zu starten? In unserer intensiven landwirtschaftlichen durch Monokulturen geprägten Umgebung finden Pflanzen und Tiere kaum noch geeignete Lebensräume. Auch in unserer Region sind die Streuobstwiesen fast&#8230; <a href="http://arbeitsinitiative-letschin.de/?page_id=633">Read more &raquo;</a></p>
