{"id":87,"date":"2016-09-14T10:06:40","date_gmt":"2016-09-14T10:06:40","guid":{"rendered":"http:\/\/arbeitsinitiative-letschin.de\/?page_id=87"},"modified":"2024-03-13T12:20:24","modified_gmt":"2024-03-13T10:20:24","slug":"avgs","status":"publish","type":"page","link":"http:\/\/arbeitsinitiative-letschin.de\/?page_id=87","title":{"rendered":"AVGS"},"content":{"rendered":"<p>Ma\u00dfnahmen mit einem Aktivierungs- und Vermittlungsgutschein sind nach AZAV gepr\u00fcft und zugelassen. Die Vermittlungsfachkr\u00e4fte der Agentur f\u00fcr Arbeit und des Jobcenters stellen interessierten Arbeitslosen oder Arbeitsuchenden einen Gutschein aus, der durch uns realisiert wird.<\/p>\n<p>Wir bieten z.Zt. folgende zugelassene Ma\u00dfnahmen an:<br>(die Dauer wird in Unterrichtseinheiten (UE) mit je 45 min angegeben)<\/p>\n<ul>\n<li><strong> <a href=\"http:\/\/arbeitsinitiative-letschin.de\/wp-content\/uploads\/2024\/02\/Bewerbungscoachingplus-20231214.pdf\" target=\"_blank\" rel=\"noopener\">Bewerbungscoaching plus <\/a><\/strong>&#8211; Einzelma\u00dfnahme, Dauer 10 UE an zwei Tagen<\/li>\n<li><strong><a href=\"http:\/\/arbeitsinitiative-letschin.de\/wp-content\/uploads\/2022\/03\/Aufbruch-20220302-w.pdf\" target=\"_blank\" rel=\"noopener\">Aufbruch Modul 1<\/a><\/strong> &#8211; Einzelma\u00dfnahme, Dauer zwei Wochen, 10 UE je Woche an zwei Tagen<\/li>\n<li><strong><a href=\"http:\/\/arbeitsinitiative-letschin.de\/wp-content\/uploads\/2022\/03\/Aufbruch-20220302-w.pdf\" target=\"_blank\" rel=\"noopener\">Aufbruch Modul 2<\/a><\/strong>&nbsp;&#8211; Gruppenma\u00dfnahme f\u00fcr 5 Teilnehmer, Dauer 5 Wochen davon 144 h (Vollzeit) bei einem Arbeitgeber und 24 h Einzelcoaching (Praktikumsbetreuung und Auswertung)<\/li>\n<li><strong><a href=\"http:\/\/arbeitsinitiative-letschin.de\/wp-content\/uploads\/2022\/03\/A-O_allg-20220302-w.pdf\" target=\"_blank\" rel=\"noopener\">Aktivierung &amp; Orientierung-allgemein<\/a><\/strong> &#8211; Gruppenma\u00dfnahme f\u00fcr 10 TN, Dauer 4 Wochen, Mo &#8211; Fr von 07:30 &#8211; 14:20 Uhr<\/li>\n<li><strong><a href=\"http:\/\/arbeitsinitiative-letschin.de\/wp-content\/uploads\/2022\/03\/Selbstvermarktung-20220302-w.pdf\" target=\"_blank\" rel=\"noopener\">Selbstvermarktungsstrategien<\/a><\/strong> &#8211; Gruppenma\u00dfnahme f\u00fcr 10 TN, Dauer 4 Wochen,<br>Mo &#8211; Fr von 07:30 &#8211; 14:20 Uhr<\/li>\n<li><strong><a href=\"http:\/\/arbeitsinitiative-letschin.de\/wp-content\/uploads\/2024\/02\/Soco_20230202-w.pdf\" target=\"_blank\" rel=\"noopener\">Sozialcoaching compakt<\/a><\/strong>&nbsp;&#8211; Einzelma\u00dfnahme, Dauer 8 Wochen mit ca. 40 UE<\/li>\n<\/ul>\n<p>Weitere Informationen erhalten Sie \u00fcber die Mitarbeiter in der Agentur f\u00fcr Arbeit oder im Jobcenter. Bei Interesse k\u00f6nnen Sie per Klick auf die Ma\u00dfnahme den aktuellen Flyer herunterladen.<\/p>\n\n\n<p><\/p>\n","protected":false},"excerpt":{"rendered":"<p>Ma\u00dfnahmen mit einem Aktivierungs- und Vermittlungsgutschein sind nach AZAV gepr\u00fcft und zugelassen. Die Vermittlungsfachkr\u00e4fte der Agentur f\u00fcr Arbeit und des Jobcenters stellen interessierten Arbeitslosen oder Arbeitsuchenden einen Gutschein aus, der&#8230; <a href=\"http:\/\/arbeitsinitiative-letschin.de\/?page_id=87\">Read more &raquo;<\/a><\/p>\n","protected":false},"author":1,"featured_media":0,"parent":764,"menu_order":0,"comment_status":"closed","ping_status":"closed","template":"","meta":{"footnotes":""},"class_list":["post-87","page","type-page","status-publish","hentry"],"_links":{"self":[{"href":"http:\/\/arbeitsinitiative-letschin.de\/index.php?rest_route=\/wp\/v2\/pages\/87","targetHints":{"allow":["GET"]}}],"collection":[{"href":"http:\/\/arbeitsinitiative-letschin.de\/index.php?rest_route=\/wp\/v2\/pages"}],"about":[{"href":"http:\/\/arbeitsinitiative-letschin.de\/index.php?rest_route=\/wp\/v2\/types\/page"}],"author":[{"embeddable":true,"href":"http:\/\/arbeitsinitiative-letschin.de\/index.php?rest_route=\/wp\/v2\/users\/1"}],"replies":[{"embeddable":true,"href":"http:\/\/arbeitsinitiative-letschin.de\/index.php?rest_route=%2Fwp%2Fv2%2Fcomments&post=87"}],"version-history":[{"count":23,"href":"http:\/\/arbeitsinitiative-letschin.de\/index.php?rest_route=\/wp\/v2\/pages\/87\/revisions"}],"predecessor-version":[{"id":1105,"href":"http:\/\/arbeitsinitiative-letschin.de\/index.php?rest_route=\/wp\/v2\/pages\/87\/revisions\/1105"}],"up":[{"embeddable":true,"href":"http:\/\/arbeitsinitiative-letschin.de\/index.php?rest_route=\/wp\/v2\/pages\/764"}],"wp:attachment":[{"href":"http:\/\/arbeitsinitiative-letschin.de\/index.php?rest_route=%2Fwp%2Fv2%2Fmedia&parent=87"}],"curies":[{"name":"wp","href":"https:\/\/api.w.org\/{rel}","templated":true}]}}

<p>Maßnahmen mit einem Aktivierungs- und Vermittlungsgutschein sind nach AZAV geprüft und zugelassen. Die Vermittlungsfachkräfte der Agentur für Arbeit und des Jobcenters stellen interessierten Arbeitslosen oder Arbeitsuchenden einen Gutschein aus, der durch uns realisiert wird.</p>
<p>Wir bieten z.Zt. folgende zugelassene Maßnahmen an:<br>(die Dauer wird in Unterrichtseinheiten (UE) mit je 45 min angegeben)</p>
<ul>
<li><strong> <a href="http://arbeitsinitiative-letschin.de/wp-content/uploads/2024/02/Bewerbungscoachingplus-20231214.pdf" target="_blank" rel="noopener">Bewerbungscoaching plus </a></strong>&#8211; Einzelmaßnahme, Dauer 10 UE an zwei Tagen</li>
<li><strong><a href="http://arbeitsinitiative-letschin.de/wp-content/uploads/2022/03/Aufbruch-20220302-w.pdf" target="_blank" rel="noopener">Aufbruch Modul 1</a></strong> &#8211; Einzelmaßnahme, Dauer zwei Wochen, 10 UE je Woche an zwei Tagen</li>
<li><strong><a href="http://arbeitsinitiative-letschin.de/wp-content/uploads/2022/03/Aufbruch-20220302-w.pdf" target="_blank" rel="noopener">Aufbruch Modul 2</a></strong>&nbsp;&#8211; Gruppenmaßnahme für 5 Teilnehmer, Dauer 5 Wochen davon 144 h (Vollzeit) bei einem Arbeitgeber und 24 h Einzelcoaching (Praktikumsbetreuung und Auswertung)</li>
<li><strong><a href="http://arbeitsinitiative-letschin.de/wp-content/uploads/2022/03/A-O_allg-20220302-w.pdf" target="_blank" rel="noopener">Aktivierung &amp; Orientierung-allgemein</a></strong> &#8211; Gruppenmaßnahme für 10 TN, Dauer 4 Wochen, Mo &#8211; Fr von 07:30 &#8211; 14:20 Uhr</li>
<li><strong><a href="http://arbeitsinitiative-letschin.de/wp-content/uploads/2022/03/Selbstvermarktung-20220302-w.pdf" target="_blank" rel="noopener">Selbstvermarktungsstrategien</a></strong> &#8211; Gruppenmaßnahme für 10 TN, Dauer 4 Wochen,<br>Mo &#8211; Fr von 07:30 &#8211; 14:20 Uhr</li>
<li><strong><a href="http://arbeitsinitiative-letschin.de/wp-content/uploads/2024/02/Soco_20230202-w.pdf" target="_blank" rel="noopener">Sozialcoaching compakt</a></strong>&nbsp;&#8211; Einzelmaßnahme, Dauer 8 Wochen mit ca. 40 UE</li>
</ul>
<p>Weitere Informationen erhalten Sie über die Mitarbeiter in der Agentur für Arbeit oder im Jobcenter. Bei Interesse können Sie per Klick auf die Maßnahme den aktuellen Flyer herunterladen.</p>


<p></p>

<p>Maßnahmen mit einem Aktivierungs- und Vermittlungsgutschein sind nach AZAV geprüft und zugelassen. Die Vermittlungsfachkräfte der Agentur für Arbeit und des Jobcenters stellen interessierten Arbeitslosen oder Arbeitsuchenden einen Gutschein aus, der&#8230; <a href="http://arbeitsinitiative-letschin.de/?page_id=87">Read more &raquo;</a></p>
