{"id":897,"date":"2022-03-09T17:05:38","date_gmt":"2022-03-09T15:05:38","guid":{"rendered":"http:\/\/arbeitsinitiative-letschin.de\/?page_id=897"},"modified":"2025-02-11T14:12:01","modified_gmt":"2025-02-11T12:12:01","slug":"referenzen","status":"publish","type":"page","link":"http:\/\/arbeitsinitiative-letschin.de\/?page_id=897","title":{"rendered":"Referenzen"},"content":{"rendered":"\n<h2 class=\"wp-block-heading has-text-align-left has-dark-gray-color has-light-gray-background-color has-text-color has-background has-large-font-size\">Tr\u00e4ger verschiedener grenz\u00fcbergreifender INTERREG III A Projekte<\/h2>\n\n\n\n<ul class=\"wp-block-list\">\n<li>\u201eLandfrauen im Zeichen der Zeit\u201c<\/li>\n\n\n\n<li>\u201eDas Fort Gorgast \u2013 Ein deutsch-polnisches Denkmal\u201c<\/li>\n\n\n\n<li>\u201eEinheitliche Gestaltung des Oder-Nei\u00dfe-Radweges von Hohensaaten bis Frankfurt (Oder)\u201c<\/li>\n\n\n\n<li>\u201eErarbeitung einer Brosch\u00fcre \u201eRadwandern diesseits und jenseits der Oder\u201c<\/li>\n<\/ul>\n\n\n\n<h2 class=\"wp-block-heading has-dark-gray-color has-light-gray-background-color has-text-color has-background\">Tr\u00e4ger (Leadpartner) eines Interreg IV A Projektes<\/h2>\n\n\n\n<ul class=\"wp-block-list\">\n<li>\u201eJakobswege im deutsch-polnischen Grenzraum \u2013 Etablierung eines grenz\u00fcbergreifenden Informations- und Leitsystems&#8220;<\/li>\n<\/ul>\n\n\n\n<h2 class=\"wp-block-heading has-dark-gray-color has-light-gray-background-color has-text-color has-background\"><strong>Tr\u00e4ger von Projekten im Rahmen des ESF 2014-2020  Programms &#8222;Integrationsbegleitung f\u00fcr Langzeitarbeitslose und Familienbedarfsgemeinschaften&#8220;<\/strong><\/h2>\n\n\n\n<ul class=\"wp-block-list\">\n<li>2 Projekte &#8222;IB MOL &#8211; Positiv in die Zukunft&#8220;<\/li>\n\n\n\n<li><a href=\"http:\/\/arbeitsinitiative-letschin.de\/?page_id=161\" data-type=\"URL\" data-id=\"http:\/\/arbeitsinitiative-letschin.de\/?page_id=161\" target=\"_blank\" rel=\"noreferrer noopener\">&#8222;IB SEE &#8211; Positiv in die Zukunft&#8220;<\/a><\/li>\n<\/ul>\n\n\n\n<h2 class=\"wp-block-heading has-dark-gray-color has-light-gray-background-color has-text-color has-background\">Tr\u00e4ger verschiedener grenz\u00fcbergreifender INTERREG V A Projekte<\/h2>\n\n\n\n<ul class=\"wp-block-list\">\n<li><a href=\"http:\/\/arbeitsinitiative-letschin.de\/?page_id=330\" data-type=\"URL\" data-id=\"http:\/\/arbeitsinitiative-letschin.de\/?page_id=330\" target=\"_blank\" rel=\"noreferrer noopener\">&#8222;Hauptstadt-Route EV2\/R1&#8220;<\/a><\/li>\n\n\n\n<li><a href=\"http:\/\/arbeitsinitiative-letschin.de\/?page_id=419\" data-type=\"URL\" data-id=\"http:\/\/arbeitsinitiative-letschin.de\/?page_id=419\" target=\"_blank\" rel=\"noreferrer noopener\">&#8222;Netzwerk der Zusammenarbeit zwischen Nichtregierungsorganisationen der deutsch-polnischen Grenze zum Klimaschutz&#8220;<\/a><\/li>\n<\/ul>\n\n\n\n<h2 class=\"wp-block-heading has-dark-gray-color has-light-gray-background-color has-text-color has-background has-link-color wp-elements-11d84d2b801c0c2c0e5ea74a040feab4\">Tr\u00e4ger verschiedener grenz\u00fcbergreifender INTERREG VI A Projekte<\/h2>\n\n\n\n<ul class=\"wp-block-list\">\n<li><a href=\"http:\/\/arbeitsinitiative-letschin.de\/?page_id=1174\" data-type=\"page\" data-id=\"1174\">&#8222;BIO &#8211; Gemeinsam f\u00fcr Biodiversit\u00e4t&#8220;<\/a><\/li>\n<\/ul>\n\n\n\n<h2 class=\"wp-block-heading has-text-align-left has-dark-gray-color has-light-gray-background-color has-text-color has-background\">Teilprojektpartner ODER-WEGE im EQUAL<\/h2>\n\n\n\n<ul class=\"wp-block-list\">\n<li>\u201eZukunft Grenzregion Oderland \u2013 Nadodrze\u201c<\/li>\n<\/ul>\n\n\n\n<h2 class=\"wp-block-heading has-dark-gray-color has-light-gray-background-color has-text-color has-background\">Begleitung, Abrechnung eines Interreg III A-Projektes<\/h2>\n\n\n\n<ul class=\"wp-block-list\">\n<li>&#8222;<em>Natur und Kulturwege im Lebuser Land\u201c<\/em><\/li>\n<\/ul>\n\n\n\n<h2 class=\"wp-block-heading has-dark-gray-color has-light-gray-background-color has-text-color has-background\">Netzwerkprojekt<\/h2>\n\n\n\n<ul class=\"wp-block-list\">\n<li>\u201eGemeinsame Entwicklung grenz\u00fcbergreifender Stadtinformationen\u201c f\u00fcr Seelow und Kostrzyn nad Odra&#8220;<\/li>\n<\/ul>\n\n\n\n<h2 class=\"wp-block-heading has-dark-gray-color has-light-gray-background-color has-text-color has-background\">Beantragung, Durchf\u00fchrung und Abrechnung innerhalb des Regionalbudget I-V mit den Kurzbezeichnungen<\/h2>\n\n\n\n<ul class=\"wp-block-list\">\n<li>\u201eEntwicklung des Oderbruchbahnradweges von der Geschichte bis zur Gegenwart erlebbar gestalten\u201c,<\/li>\n\n\n\n<li>\u201eSchaffung von Voraussetzungen f\u00fcr die Entwicklung des Wassertourismus im Landkreis M\u00e4rkisch-Oderland\u201c,<\/li>\n\n\n\n<li>\u201eAktivbausteine zur nachhaltigen Seniorenbetreuung im Amt Neuhardenberg\u201c,<\/li>\n\n\n\n<li>\u201eAnalysen und Vorschl\u00e4ge zur Etablierung eines barrierefreien Tourismus im Oderland\u201c<\/li>\n\n\n\n<li>\u201eAuf den Spuren Theodor Fontanes im Oderland \u2013 mit dem Rad, zu Fu\u00df, auf dem Wasser und mit der Kutsche\u201c<\/li>\n\n\n\n<li>\u201eTouristische Wege \u2013 Neue Wege zur Integration in MOL\u201c<\/li>\n\n\n\n<li>\u201eOLLA &#8211; In der Oderregion leben, lernen und arbeiten\u201c<\/li>\n\n\n\n<li>\u201eTOLT Thematischer Oderlandtourismus im Kontext von Kultur, Geschichte, Hydrologie, Energie und Geologie \u2013 Teil 1 Kultur und Geschichte\u201c <\/li>\n\n\n\n<li>NeuStart35 \u201eNeue Perspektiven f\u00fcr Arbeit und Ausbildung-Startklar f\u00fcr die Zukunft arbeitsloser Personen bis unter 35 Jahren\u201c<\/li>\n<\/ul>\n\n\n\n<h2 class=\"wp-block-heading has-dark-gray-color has-light-gray-background-color has-text-color has-background\">kleinteilige Projekte: Agenda 21 &#8222;Aktion Gesunde Umwelt&#8220;<\/h2>\n\n\n\n<ul class=\"wp-block-list\">\n<li><a href=\"http:\/\/arbeitsinitiative-letschin.de\/?page_id=633\" data-type=\"URL\" data-id=\"http:\/\/arbeitsinitiative-letschin.de\/?page_id=633\" target=\"_blank\" rel=\"noreferrer noopener\">Aktionstag zur Neuanlage einer Streuobstwiese<\/a><\/li>\n\n\n\n<li><\/li>\n<\/ul>\n\n\n\n<h2 class=\"wp-block-heading has-dark-gray-color has-light-gray-background-color has-text-color has-background\">Diesbez\u00fcgliche Arbeitsergebnisse<\/h2>\n\n\n\n<ul class=\"wp-block-list\">\n<li>Entwicklung von Kurz- und Zusatzstrecken als Angebote entlang des Oder-Nei\u00dfe-Radweges, Ausschilderungen, M\u00f6blierung, Flyer und Webdarstellung<\/li>\n\n\n\n<li>Konzeptionelle Entwicklung eines Leit- und Informationssystems f\u00fcr die Tour Brandenburg, die M\u00e4rkische Schl\u00f6ssertour, den Europaradweg R1 (im Abschnitt Lichtenow-K\u00fcstrin), f\u00fcr verschiedene Radroutenangebote entlang der Oder<\/li>\n\n\n\n<li>Arbeiten im Rahmen der praktischen Gebietswartt\u00e4tigkeit im engen Zusammenwirken mit dem Landkreis MOL<\/li>\n\n\n\n<li>Entwicklung grenz\u00fcbergreifender Radroutenangebote in Form von Radlerachten<\/li>\n\n\n\n<li>Ausschilderung, M\u00f6blierung sowie Erarbeiten und Aufstellen von Informations- und Kirchentafeln am Jakobsweg in Frankfurt (Oder), den Landkreisen MOL und Oder-Spree und auf der polnischen Seite in den Landkreisen S\u0142ubice und Sul\u0119cin, sowie Herausgabe von 12 Newsletter, der Webdarstellung deutsch-polnische-jakobswege.de , eines Flyers, einer Wanderkarte und einer Wanderausstellung zu genanntem Gebiet des Jakobsweges<\/li>\n<\/ul>\n\n\n\n<h2 class=\"wp-block-heading has-dark-gray-color has-light-gray-background-color has-text-color has-background\">Weitere Referenzen<\/h2>\n\n\n\n<ul class=\"wp-block-list\">\n<li>Anlegen thematischer Wanderwege, z. B. Lehrpfad auf der Oderinsel, Geschichtspfad Shukow-Bunker Reitwein, Dorflehrpfad durch die Gemeinde K\u00fcstriner Vorland, Lehrpfad im Schlosspark Gusow, kommunale Wanderwege<\/li>\n\n\n\n<li>Durchf\u00fchrung von Umweltprojekten in Naturschutzgebieten, z. B. Mallnower Oderh\u00e4nge, Priesterschlucht Podelzig, Zeisigberg<\/li>\n\n\n\n<li>Aufr\u00e4umungs- und Gestaltungsarbeiten im denkmalgesch\u00fctzten Schlosspark Gusow<\/li>\n\n\n\n<li>Integrative Besch\u00e4ftigungsm\u00f6glichkeiten f\u00fcr unterschiedliche Zielgruppen und Erprobung der Wettbewerbsf\u00e4higkeit<\/li>\n\n\n\n<li>Betreuung von Senioren im Rahmen einschl\u00e4giger Projektt\u00e4tigkeit<\/li>\n\n\n\n<li>Etablierung eines Systems an Rast-, Ein- und Ausstiegspl\u00e4tzen f\u00fcr muskelbetriebe-nen Wassersport mit Schaffung eines Beispielsbiwakplatzes im Paulshof im Jahre 2006 und eines kombinierten Rastplatzes f\u00fcr Rad- und Wasserwanderer in Friedrichsaue<\/li>\n\n\n\n<li>Schaffung regionaler Reitwegevorschl\u00e4ge im n\u00f6rdlichen Oderbruch<\/li>\n\n\n\n<li>Betreiben eines Kompetenzcenters \u201eTouristische Wege\u201c und einer Touristinformationsstelle in Letschin<\/li>\n\n\n\n<li>Ma\u00dfnahmenbegleitende Fortbildung und Qualifizierung zur Integration in den ersten Arbeitsmarkt und Erh\u00f6hung der Besch\u00e4ftigungsf\u00e4higkeit<\/li>\n<\/ul>\n\n\n\n<h2 class=\"wp-block-heading has-dark-gray-color has-light-gray-background-color has-text-color has-background\">Im Rahmen verschiedener Projekte wurden Ausstellungen und Printprodukte erstellt<\/h2>\n\n\n\n<ol class=\"wp-block-list\">\n<li>18-teilige Wanderausstellung zum Oder-Nei\u00dfe-Radweg mit all seinen Facetten<\/li>\n\n\n\n<li>Fertigstellung einer Ausstellung zur Geschichte der Oderbruchbahn<\/li>\n\n\n\n<li>Erarbeitung von Ausstellungen zur Visualisierung der Chroniken Gorgast, Genschmar, Rathstock und Sietzing<\/li>\n\n\n\n<li>Erarbeitung einer Ausstellung zur \u201eGeschichte des Ostwalls\u201c<\/li>\n\n\n\n<li>Erstellung von Informationstafeln \u201eDer Kalte Krieg im Focus der Zeit\u201c<\/li>\n\n\n\n<li>Erarbeitung von Kirchentafeln \u201eAuf den Spuren der Romanik\u201c<\/li>\n\n\n\n<li>Entwicklung von Kartografien im Zusammenwirken mit dem Pietruska-Verlag R\u00fclzheim<\/li>\n\n\n\n<li>Aufbereitung von Exponaten f\u00fcr verschiedene Ausstellungen, z. B. historische Hausgegenst\u00e4nde im Speicher Wollup, Aufarbeitung historischer Landtechnik Gro\u00df Neuendorf im Zusammenwirken mit dem Bulldog-Verein und in Letschin mit dem Eisenbahnverein<\/li>\n\n\n\n<li>Erarbeitung von verschiedenen Flyern und Informationsmaterialien<\/li>\n<\/ol>\n\n\n\n<p><\/p>\n","protected":false},"excerpt":{"rendered":"<p>Tr\u00e4ger verschiedener grenz\u00fcbergreifender INTERREG III A Projekte Tr\u00e4ger (Leadpartner) eines Interreg IV A Projektes Tr\u00e4ger von Projekten im Rahmen des ESF 2014-2020 Programms &#8222;Integrationsbegleitung f\u00fcr Langzeitarbeitslose und Familienbedarfsgemeinschaften&#8220; Tr\u00e4ger verschiedener&#8230; <a href=\"http:\/\/arbeitsinitiative-letschin.de\/?page_id=897\">Read more &raquo;<\/a><\/p>\n","protected":false},"author":3,"featured_media":0,"parent":13,"menu_order":2,"comment_status":"closed","ping_status":"closed","template":"","meta":{"footnotes":""},"class_list":["post-897","page","type-page","status-publish","hentry"],"_links":{"self":[{"href":"http:\/\/arbeitsinitiative-letschin.de\/index.php?rest_route=\/wp\/v2\/pages\/897","targetHints":{"allow":["GET"]}}],"collection":[{"href":"http:\/\/arbeitsinitiative-letschin.de\/index.php?rest_route=\/wp\/v2\/pages"}],"about":[{"href":"http:\/\/arbeitsinitiative-letschin.de\/index.php?rest_route=\/wp\/v2\/types\/page"}],"author":[{"embeddable":true,"href":"http:\/\/arbeitsinitiative-letschin.de\/index.php?rest_route=\/wp\/v2\/users\/3"}],"replies":[{"embeddable":true,"href":"http:\/\/arbeitsinitiative-letschin.de\/index.php?rest_route=%2Fwp%2Fv2%2Fcomments&post=897"}],"version-history":[{"count":22,"href":"http:\/\/arbeitsinitiative-letschin.de\/index.php?rest_route=\/wp\/v2\/pages\/897\/revisions"}],"predecessor-version":[{"id":1194,"href":"http:\/\/arbeitsinitiative-letschin.de\/index.php?rest_route=\/wp\/v2\/pages\/897\/revisions\/1194"}],"up":[{"embeddable":true,"href":"http:\/\/arbeitsinitiative-letschin.de\/index.php?rest_route=\/wp\/v2\/pages\/13"}],"wp:attachment":[{"href":"http:\/\/arbeitsinitiative-letschin.de\/index.php?rest_route=%2Fwp%2Fv2%2Fmedia&parent=897"}],"curies":[{"name":"wp","href":"https:\/\/api.w.org\/{rel}","templated":true}]}}

<h2 class="wp-block-heading has-text-align-left has-dark-gray-color has-light-gray-background-color has-text-color has-background has-large-font-size">Träger verschiedener grenzübergreifender INTERREG III A Projekte</h2>



<ul class="wp-block-list">
<li>„Landfrauen im Zeichen der Zeit“</li>



<li>„Das Fort Gorgast – Ein deutsch-polnisches Denkmal“</li>



<li>„Einheitliche Gestaltung des Oder-Neiße-Radweges von Hohensaaten bis Frankfurt (Oder)“</li>



<li>„Erarbeitung einer Broschüre „Radwandern diesseits und jenseits der Oder“</li>
</ul>



<h2 class="wp-block-heading has-dark-gray-color has-light-gray-background-color has-text-color has-background">Träger (Leadpartner) eines Interreg IV A Projektes</h2>



<ul class="wp-block-list">
<li>„Jakobswege im deutsch-polnischen Grenzraum – Etablierung eines grenzübergreifenden Informations- und Leitsystems&#8220;</li>
</ul>



<h2 class="wp-block-heading has-dark-gray-color has-light-gray-background-color has-text-color has-background"><strong>Träger von Projekten im Rahmen des ESF 2014-2020  Programms &#8222;Integrationsbegleitung für Langzeitarbeitslose und Familienbedarfsgemeinschaften&#8220;</strong></h2>



<ul class="wp-block-list">
<li>2 Projekte &#8222;IB MOL &#8211; Positiv in die Zukunft&#8220;</li>



<li><a href="http://arbeitsinitiative-letschin.de/?page_id=161" data-type="URL" data-id="http://arbeitsinitiative-letschin.de/?page_id=161" target="_blank" rel="noreferrer noopener">&#8222;IB SEE &#8211; Positiv in die Zukunft&#8220;</a></li>
</ul>



<h2 class="wp-block-heading has-dark-gray-color has-light-gray-background-color has-text-color has-background">Träger verschiedener grenzübergreifender INTERREG V A Projekte</h2>



<ul class="wp-block-list">
<li><a href="http://arbeitsinitiative-letschin.de/?page_id=330" data-type="URL" data-id="http://arbeitsinitiative-letschin.de/?page_id=330" target="_blank" rel="noreferrer noopener">&#8222;Hauptstadt-Route EV2/R1&#8220;</a></li>



<li><a href="http://arbeitsinitiative-letschin.de/?page_id=419" data-type="URL" data-id="http://arbeitsinitiative-letschin.de/?page_id=419" target="_blank" rel="noreferrer noopener">&#8222;Netzwerk der Zusammenarbeit zwischen Nichtregierungsorganisationen der deutsch-polnischen Grenze zum Klimaschutz&#8220;</a></li>
</ul>



<h2 class="wp-block-heading has-dark-gray-color has-light-gray-background-color has-text-color has-background has-link-color wp-elements-11d84d2b801c0c2c0e5ea74a040feab4">Träger verschiedener grenzübergreifender INTERREG VI A Projekte</h2>



<ul class="wp-block-list">
<li><a href="http://arbeitsinitiative-letschin.de/?page_id=1174" data-type="page" data-id="1174">&#8222;BIO &#8211; Gemeinsam für Biodiversität&#8220;</a></li>
</ul>



<h2 class="wp-block-heading has-text-align-left has-dark-gray-color has-light-gray-background-color has-text-color has-background">Teilprojektpartner ODER-WEGE im EQUAL</h2>



<ul class="wp-block-list">
<li>„Zukunft Grenzregion Oderland – Nadodrze“</li>
</ul>



<h2 class="wp-block-heading has-dark-gray-color has-light-gray-background-color has-text-color has-background">Begleitung, Abrechnung eines Interreg III A-Projektes</h2>



<ul class="wp-block-list">
<li>&#8222;<em>Natur und Kulturwege im Lebuser Land“</em></li>
</ul>



<h2 class="wp-block-heading has-dark-gray-color has-light-gray-background-color has-text-color has-background">Netzwerkprojekt</h2>



<ul class="wp-block-list">
<li>„Gemeinsame Entwicklung grenzübergreifender Stadtinformationen“ für Seelow und Kostrzyn nad Odra&#8220;</li>
</ul>



<h2 class="wp-block-heading has-dark-gray-color has-light-gray-background-color has-text-color has-background">Beantragung, Durchführung und Abrechnung innerhalb des Regionalbudget I-V mit den Kurzbezeichnungen</h2>



<ul class="wp-block-list">
<li>„Entwicklung des Oderbruchbahnradweges von der Geschichte bis zur Gegenwart erlebbar gestalten“,</li>



<li>„Schaffung von Voraussetzungen für die Entwicklung des Wassertourismus im Landkreis Märkisch-Oderland“,</li>



<li>„Aktivbausteine zur nachhaltigen Seniorenbetreuung im Amt Neuhardenberg“,</li>



<li>„Analysen und Vorschläge zur Etablierung eines barrierefreien Tourismus im Oderland“</li>



<li>„Auf den Spuren Theodor Fontanes im Oderland – mit dem Rad, zu Fuß, auf dem Wasser und mit der Kutsche“</li>



<li>„Touristische Wege – Neue Wege zur Integration in MOL“</li>



<li>„OLLA &#8211; In der Oderregion leben, lernen und arbeiten“</li>



<li>„TOLT Thematischer Oderlandtourismus im Kontext von Kultur, Geschichte, Hydrologie, Energie und Geologie – Teil 1 Kultur und Geschichte“ </li>



<li>NeuStart35 „Neue Perspektiven für Arbeit und Ausbildung-Startklar für die Zukunft arbeitsloser Personen bis unter 35 Jahren“</li>
</ul>



<h2 class="wp-block-heading has-dark-gray-color has-light-gray-background-color has-text-color has-background">kleinteilige Projekte: Agenda 21 &#8222;Aktion Gesunde Umwelt&#8220;</h2>



<ul class="wp-block-list">
<li><a href="http://arbeitsinitiative-letschin.de/?page_id=633" data-type="URL" data-id="http://arbeitsinitiative-letschin.de/?page_id=633" target="_blank" rel="noreferrer noopener">Aktionstag zur Neuanlage einer Streuobstwiese</a></li>



<li></li>
</ul>



<h2 class="wp-block-heading has-dark-gray-color has-light-gray-background-color has-text-color has-background">Diesbezügliche Arbeitsergebnisse</h2>



<ul class="wp-block-list">
<li>Entwicklung von Kurz- und Zusatzstrecken als Angebote entlang des Oder-Neiße-Radweges, Ausschilderungen, Möblierung, Flyer und Webdarstellung</li>



<li>Konzeptionelle Entwicklung eines Leit- und Informationssystems für die Tour Brandenburg, die Märkische Schlössertour, den Europaradweg R1 (im Abschnitt Lichtenow-Küstrin), für verschiedene Radroutenangebote entlang der Oder</li>



<li>Arbeiten im Rahmen der praktischen Gebietswarttätigkeit im engen Zusammenwirken mit dem Landkreis MOL</li>



<li>Entwicklung grenzübergreifender Radroutenangebote in Form von Radlerachten</li>



<li>Ausschilderung, Möblierung sowie Erarbeiten und Aufstellen von Informations- und Kirchentafeln am Jakobsweg in Frankfurt (Oder), den Landkreisen MOL und Oder-Spree und auf der polnischen Seite in den Landkreisen Słubice und Sulęcin, sowie Herausgabe von 12 Newsletter, der Webdarstellung deutsch-polnische-jakobswege.de , eines Flyers, einer Wanderkarte und einer Wanderausstellung zu genanntem Gebiet des Jakobsweges</li>
</ul>



<h2 class="wp-block-heading has-dark-gray-color has-light-gray-background-color has-text-color has-background">Weitere Referenzen</h2>



<ul class="wp-block-list">
<li>Anlegen thematischer Wanderwege, z. B. Lehrpfad auf der Oderinsel, Geschichtspfad Shukow-Bunker Reitwein, Dorflehrpfad durch die Gemeinde Küstriner Vorland, Lehrpfad im Schlosspark Gusow, kommunale Wanderwege</li>



<li>Durchführung von Umweltprojekten in Naturschutzgebieten, z. B. Mallnower Oderhänge, Priesterschlucht Podelzig, Zeisigberg</li>



<li>Aufräumungs- und Gestaltungsarbeiten im denkmalgeschützten Schlosspark Gusow</li>



<li>Integrative Beschäftigungsmöglichkeiten für unterschiedliche Zielgruppen und Erprobung der Wettbewerbsfähigkeit</li>



<li>Betreuung von Senioren im Rahmen einschlägiger Projekttätigkeit</li>



<li>Etablierung eines Systems an Rast-, Ein- und Ausstiegsplätzen für muskelbetriebe-nen Wassersport mit Schaffung eines Beispielsbiwakplatzes im Paulshof im Jahre 2006 und eines kombinierten Rastplatzes für Rad- und Wasserwanderer in Friedrichsaue</li>



<li>Schaffung regionaler Reitwegevorschläge im nördlichen Oderbruch</li>



<li>Betreiben eines Kompetenzcenters „Touristische Wege“ und einer Touristinformationsstelle in Letschin</li>



<li>Maßnahmenbegleitende Fortbildung und Qualifizierung zur Integration in den ersten Arbeitsmarkt und Erhöhung der Beschäftigungsfähigkeit</li>
</ul>



<h2 class="wp-block-heading has-dark-gray-color has-light-gray-background-color has-text-color has-background">Im Rahmen verschiedener Projekte wurden Ausstellungen und Printprodukte erstellt</h2>



<ol class="wp-block-list">
<li>18-teilige Wanderausstellung zum Oder-Neiße-Radweg mit all seinen Facetten</li>



<li>Fertigstellung einer Ausstellung zur Geschichte der Oderbruchbahn</li>



<li>Erarbeitung von Ausstellungen zur Visualisierung der Chroniken Gorgast, Genschmar, Rathstock und Sietzing</li>



<li>Erarbeitung einer Ausstellung zur „Geschichte des Ostwalls“</li>



<li>Erstellung von Informationstafeln „Der Kalte Krieg im Focus der Zeit“</li>



<li>Erarbeitung von Kirchentafeln „Auf den Spuren der Romanik“</li>



<li>Entwicklung von Kartografien im Zusammenwirken mit dem Pietruska-Verlag Rülzheim</li>



<li>Aufbereitung von Exponaten für verschiedene Ausstellungen, z. B. historische Hausgegenstände im Speicher Wollup, Aufarbeitung historischer Landtechnik Groß Neuendorf im Zusammenwirken mit dem Bulldog-Verein und in Letschin mit dem Eisenbahnverein</li>



<li>Erarbeitung von verschiedenen Flyern und Informationsmaterialien</li>
</ol>



<p></p>

<p>Träger verschiedener grenzübergreifender INTERREG III A Projekte Träger (Leadpartner) eines Interreg IV A Projektes Träger von Projekten im Rahmen des ESF 2014-2020 Programms &#8222;Integrationsbegleitung für Langzeitarbeitslose und Familienbedarfsgemeinschaften&#8220; Träger verschiedener&#8230; <a href="http://arbeitsinitiative-letschin.de/?page_id=897">Read more &raquo;</a></p>
